{"id":794,"date":"2016-02-14T16:18:10","date_gmt":"2016-02-14T15:18:10","guid":{"rendered":"http:\/\/gartner52.de\/page\/?page_id=794"},"modified":"2016-02-15T19:43:24","modified_gmt":"2016-02-15T18:43:24","slug":"juni2009-1","status":"publish","type":"page","link":"https:\/\/gartner52.de\/page\/juni2009-1\/","title":{"rendered":"Juni2009\u20111"},"content":{"rendered":"<h2 style=\"text-align: center;\"><span style=\"color: #3366ff;\">Unsere Tour im Juni 2009 zur Insel Pag<\/span><\/h2>\n<h2 style=\"text-align: center;\"><span style=\"color: #3366ff;\">und in die Region Zadar<\/span><\/h2>\n<p style=\"text-align: center;\">Los ging es am 10. Juni um 11 Uhr in Karlsruhe. Rauf auf die Autobahn und gleich f\u00fcr 10 Minuten im Stau gestanden.<br>\nAb Pforzheim ging es aber dann ohne einen weiteren Stau bis \u00d6sterreich.<\/p>\n<p style=\"text-align: center;\">Dieses Jahr wollten wir nicht nach Istrien sondern etwas weiter runter auf die Insel Pag.<br>\nIch habe im Internet einen sch\u00f6nen Campingplatz in Novalja auf Pag gefunden.<br>\nDer sollte unser erstes Ziel sein.<\/p>\n<p style=\"text-align: center;\"><img loading=\"lazy\" decoding=\"async\" class=\"size-full wp-image-861 aligncenter\" src=\"https:\/\/gartner52.de\/page\/wp-content\/uploads\/2016\/02\/2009_Juni02.jpg\" alt=\"2009_Juni02\" width=\"800\" height=\"533\" srcset=\"https:\/\/gartner52.de\/page\/wp-content\/uploads\/2016\/02\/2009_Juni02.jpg 800w, https:\/\/gartner52.de\/page\/wp-content\/uploads\/2016\/02\/2009_Juni02-300x200.jpg 300w, https:\/\/gartner52.de\/page\/wp-content\/uploads\/2016\/02\/2009_Juni02-768x512.jpg 768w\" sizes=\"auto, (max-width: 800px) 100vw, 800px\"><\/p>\n<p style=\"text-align: center;\">Auf der Autobahn bei Villach<\/p>\n<p style=\"text-align: center;\"><img loading=\"lazy\" decoding=\"async\" class=\"size-full wp-image-862 aligncenter\" src=\"https:\/\/gartner52.de\/page\/wp-content\/uploads\/2016\/02\/2009_Juni03.jpg\" alt=\"2009_Juni03\" width=\"800\" height=\"533\" srcset=\"https:\/\/gartner52.de\/page\/wp-content\/uploads\/2016\/02\/2009_Juni03.jpg 800w, https:\/\/gartner52.de\/page\/wp-content\/uploads\/2016\/02\/2009_Juni03-300x200.jpg 300w, https:\/\/gartner52.de\/page\/wp-content\/uploads\/2016\/02\/2009_Juni03-768x512.jpg 768w\" sizes=\"auto, (max-width: 800px) 100vw, 800px\"><\/p>\n<p style=\"text-align: center;\">Das Licht am Ende des Tunnels<\/p>\n<p style=\"text-align: center;\"><img loading=\"lazy\" decoding=\"async\" class=\"size-full wp-image-860 aligncenter\" src=\"https:\/\/gartner52.de\/page\/wp-content\/uploads\/2016\/02\/2009_Juni01.jpg\" alt=\"2009_Juni01\" width=\"800\" height=\"533\" srcset=\"https:\/\/gartner52.de\/page\/wp-content\/uploads\/2016\/02\/2009_Juni01.jpg 800w, https:\/\/gartner52.de\/page\/wp-content\/uploads\/2016\/02\/2009_Juni01-300x200.jpg 300w, https:\/\/gartner52.de\/page\/wp-content\/uploads\/2016\/02\/2009_Juni01-768x512.jpg 768w\" sizes=\"auto, (max-width: 800px) 100vw, 800px\"><\/p>\n<h5 style=\"text-align: center;\">Wir fuhren bis nach Kroatien, so 10 km vor Rijeka machten wir Halt und blieben auf einer Rastst\u00e4tte stehen.<br>\nAm 11. Juni um 6:45 Uhr ging es weiter.<\/h5>\n<p style=\"text-align: center;\">Rasthof-Rupa in Kroatien Richtung Rijeka<\/p>\n<p style=\"text-align: center;\"><img loading=\"lazy\" decoding=\"async\" class=\"size-full wp-image-864 aligncenter\" src=\"https:\/\/gartner52.de\/page\/wp-content\/uploads\/2016\/02\/2009_Juni05.jpg\" alt=\"2009_Juni05\" width=\"800\" height=\"533\" srcset=\"https:\/\/gartner52.de\/page\/wp-content\/uploads\/2016\/02\/2009_Juni05.jpg 800w, https:\/\/gartner52.de\/page\/wp-content\/uploads\/2016\/02\/2009_Juni05-300x200.jpg 300w, https:\/\/gartner52.de\/page\/wp-content\/uploads\/2016\/02\/2009_Juni05-768x512.jpg 768w\" sizes=\"auto, (max-width: 800px) 100vw, 800px\"><\/p>\n<p style=\"text-align: center;\">&nbsp;Hier wieder die Autobahn auf St\u00fctzen bei der Bucht von Bakar<br>\n<img loading=\"lazy\" decoding=\"async\" class=\"size-full wp-image-865 aligncenter\" src=\"https:\/\/gartner52.de\/page\/wp-content\/uploads\/2016\/02\/2009_Juni06.jpg\" alt=\"2009_Juni06\" width=\"800\" height=\"533\" srcset=\"https:\/\/gartner52.de\/page\/wp-content\/uploads\/2016\/02\/2009_Juni06.jpg 800w, https:\/\/gartner52.de\/page\/wp-content\/uploads\/2016\/02\/2009_Juni06-300x200.jpg 300w, https:\/\/gartner52.de\/page\/wp-content\/uploads\/2016\/02\/2009_Juni06-768x512.jpg 768w\" sizes=\"auto, (max-width: 800px) 100vw, 800px\"><br>\nWir fuhren von Rijeka auf der K\u00fcstenstra\u00dfe \u00fcber Crikvenica \u2013 Senj bis zum F\u00e4hranleger bei Prizna<\/p>\n<p style=\"text-align: center;\">Warten auf die F\u00e4hre in Prizna<br>\n<img loading=\"lazy\" decoding=\"async\" class=\"size-full wp-image-866 aligncenter\" src=\"https:\/\/gartner52.de\/page\/wp-content\/uploads\/2016\/02\/2009_Juni07.jpg\" alt=\"2009_Juni07\" width=\"800\" height=\"533\" srcset=\"https:\/\/gartner52.de\/page\/wp-content\/uploads\/2016\/02\/2009_Juni07.jpg 800w, https:\/\/gartner52.de\/page\/wp-content\/uploads\/2016\/02\/2009_Juni07-300x200.jpg 300w, https:\/\/gartner52.de\/page\/wp-content\/uploads\/2016\/02\/2009_Juni07-768x512.jpg 768w\" sizes=\"auto, (max-width: 800px) 100vw, 800px\"><br>\nDie F\u00e4hre war schon unterwegs so dass wir nicht lange warten mussten<br>\n<img loading=\"lazy\" decoding=\"async\" class=\"size-full wp-image-867 aligncenter\" src=\"https:\/\/gartner52.de\/page\/wp-content\/uploads\/2016\/02\/2009_Juni08.jpg\" alt=\"2009_Juni08\" width=\"800\" height=\"533\" srcset=\"https:\/\/gartner52.de\/page\/wp-content\/uploads\/2016\/02\/2009_Juni08.jpg 800w, https:\/\/gartner52.de\/page\/wp-content\/uploads\/2016\/02\/2009_Juni08-300x200.jpg 300w, https:\/\/gartner52.de\/page\/wp-content\/uploads\/2016\/02\/2009_Juni08-768x512.jpg 768w\" sizes=\"auto, (max-width: 800px) 100vw, 800px\"><\/p>\n<p style=\"text-align: center;\">Wir erwischten die F\u00e4hre um 8:45 Uhr und waren um 9:10 Uhr schon in Zigljen auf Pag angekommen.<br>\n<img loading=\"lazy\" decoding=\"async\" class=\"size-full wp-image-868 aligncenter\" src=\"https:\/\/gartner52.de\/page\/wp-content\/uploads\/2016\/02\/2009_Juni09.jpg\" alt=\"2009_Juni09\" width=\"800\" height=\"533\" srcset=\"https:\/\/gartner52.de\/page\/wp-content\/uploads\/2016\/02\/2009_Juni09.jpg 800w, https:\/\/gartner52.de\/page\/wp-content\/uploads\/2016\/02\/2009_Juni09-300x200.jpg 300w, https:\/\/gartner52.de\/page\/wp-content\/uploads\/2016\/02\/2009_Juni09-768x512.jpg 768w\" sizes=\"auto, (max-width: 800px) 100vw, 800px\"><\/p>\n<p><img loading=\"lazy\" decoding=\"async\" class=\"size-full wp-image-869 aligncenter\" src=\"https:\/\/gartner52.de\/page\/wp-content\/uploads\/2016\/02\/2009_Juni10.jpg\" alt=\"2009_Juni10\" width=\"800\" height=\"533\" srcset=\"https:\/\/gartner52.de\/page\/wp-content\/uploads\/2016\/02\/2009_Juni10.jpg 800w, https:\/\/gartner52.de\/page\/wp-content\/uploads\/2016\/02\/2009_Juni10-300x200.jpg 300w, https:\/\/gartner52.de\/page\/wp-content\/uploads\/2016\/02\/2009_Juni10-768x512.jpg 768w\" sizes=\"auto, (max-width: 800px) 100vw, 800px\"><\/p>\n<p style=\"text-align: center;\"><img loading=\"lazy\" decoding=\"async\" class=\"size-full wp-image-870 aligncenter\" src=\"https:\/\/gartner52.de\/page\/wp-content\/uploads\/2016\/02\/2009_Juni11.jpg\" alt=\"2009_Juni11\" width=\"800\" height=\"533\" srcset=\"https:\/\/gartner52.de\/page\/wp-content\/uploads\/2016\/02\/2009_Juni11.jpg 800w, https:\/\/gartner52.de\/page\/wp-content\/uploads\/2016\/02\/2009_Juni11-300x200.jpg 300w, https:\/\/gartner52.de\/page\/wp-content\/uploads\/2016\/02\/2009_Juni11-768x512.jpg 768w\" sizes=\"auto, (max-width: 800px) 100vw, 800px\"><br>\nUm 9:30 Uhr waren wir am Campingplatz Strasko in Novalja angekommen.<br>\nAn der Rezeption war schon einiges los, aber nach 15 Minuten hatten wir eingecheckt und suchten uns einen Stellplatz.<\/p>\n<p style=\"text-align: center;\">Der Platz ist sch\u00f6n, freie Stellpl\u00e4tze gibt es noch viele. Nur hat es hier auch viele B\u00e4ume auf den Stellpl\u00e4tzen.<br>\nWir haben einen sch\u00f6nen Platz in Meeresn\u00e4he gefunden er hat auch genug Sonne.<br>\nEs gibt hier viele Stellpl\u00e4tze die voll im Schatten liegen.<br>\n<img loading=\"lazy\" decoding=\"async\" class=\"size-full wp-image-871 aligncenter\" src=\"https:\/\/gartner52.de\/page\/wp-content\/uploads\/2016\/02\/2009_Juni12.jpg\" alt=\"2009_Juni12\" width=\"800\" height=\"533\" srcset=\"https:\/\/gartner52.de\/page\/wp-content\/uploads\/2016\/02\/2009_Juni12.jpg 800w, https:\/\/gartner52.de\/page\/wp-content\/uploads\/2016\/02\/2009_Juni12-300x200.jpg 300w, https:\/\/gartner52.de\/page\/wp-content\/uploads\/2016\/02\/2009_Juni12-768x512.jpg 768w\" sizes=\"auto, (max-width: 800px) 100vw, 800px\"><\/p>\n<p style=\"text-align: center;\">Der Strand vom CP-Strasko ist mit Kieselsteinen bedeckt. Wenn man ins Wasser geht kommt nach 5 Metern nur noch feiner Sand.<br>\nMan kann so ca.30 Meter im Wasser raus laufen.<\/p>\n<p style=\"text-align: center;\">Sch\u00f6ner Strand<br>\n<img loading=\"lazy\" decoding=\"async\" class=\"size-full wp-image-873 aligncenter\" src=\"https:\/\/gartner52.de\/page\/wp-content\/uploads\/2016\/02\/2009_Juni14.jpg\" alt=\"2009_Juni14\" width=\"800\" height=\"533\" srcset=\"https:\/\/gartner52.de\/page\/wp-content\/uploads\/2016\/02\/2009_Juni14.jpg 800w, https:\/\/gartner52.de\/page\/wp-content\/uploads\/2016\/02\/2009_Juni14-300x200.jpg 300w, https:\/\/gartner52.de\/page\/wp-content\/uploads\/2016\/02\/2009_Juni14-768x512.jpg 768w\" sizes=\"auto, (max-width: 800px) 100vw, 800px\"><br>\n<img loading=\"lazy\" decoding=\"async\" class=\"size-full wp-image-874 aligncenter\" src=\"https:\/\/gartner52.de\/page\/wp-content\/uploads\/2016\/02\/2009_Juni15.jpg\" alt=\"2009_Juni15\" width=\"800\" height=\"533\" srcset=\"https:\/\/gartner52.de\/page\/wp-content\/uploads\/2016\/02\/2009_Juni15.jpg 800w, https:\/\/gartner52.de\/page\/wp-content\/uploads\/2016\/02\/2009_Juni15-300x200.jpg 300w, https:\/\/gartner52.de\/page\/wp-content\/uploads\/2016\/02\/2009_Juni15-768x512.jpg 768w\" sizes=\"auto, (max-width: 800px) 100vw, 800px\"><br>\n<img loading=\"lazy\" decoding=\"async\" class=\"size-full wp-image-872 aligncenter\" src=\"https:\/\/gartner52.de\/page\/wp-content\/uploads\/2016\/02\/2009_Juni13.jpg\" alt=\"2009_Juni13\" width=\"800\" height=\"533\" srcset=\"https:\/\/gartner52.de\/page\/wp-content\/uploads\/2016\/02\/2009_Juni13.jpg 800w, https:\/\/gartner52.de\/page\/wp-content\/uploads\/2016\/02\/2009_Juni13-300x200.jpg 300w, https:\/\/gartner52.de\/page\/wp-content\/uploads\/2016\/02\/2009_Juni13-768x512.jpg 768w\" sizes=\"auto, (max-width: 800px) 100vw, 800px\"><\/p>\n<p style=\"text-align: center;\">Hier ein Blick vom Strand aus in den Campingplatz.<br>\nEs gibt im Premiumteil des Platzes viele Schattenpl\u00e4tze unter den Oliven und Eichb\u00e4umen.<br>\nDazwischen nur vereinzelt einige sonnige Stellpl\u00e4tze. Im oberen Bereich ist viel sonniger, da hat es auch vereinzelt B\u00e4ume aber es ist dort viel lichter und heller<br>\n<img loading=\"lazy\" decoding=\"async\" class=\"size-full wp-image-875 aligncenter\" src=\"https:\/\/gartner52.de\/page\/wp-content\/uploads\/2016\/02\/2009_Juni16.jpg\" alt=\"2009_Juni16\" width=\"800\" height=\"533\" srcset=\"https:\/\/gartner52.de\/page\/wp-content\/uploads\/2016\/02\/2009_Juni16.jpg 800w, https:\/\/gartner52.de\/page\/wp-content\/uploads\/2016\/02\/2009_Juni16-300x200.jpg 300w, https:\/\/gartner52.de\/page\/wp-content\/uploads\/2016\/02\/2009_Juni16-768x512.jpg 768w\" sizes=\"auto, (max-width: 800px) 100vw, 800px\"><\/p>\n<p style=\"text-align: center;\">Mit unserem Roller machten wir einen Ausflug zum oberen Zipfel der Insel Pag nach Lun.<br>\nDie Strecke vom Campingplatz bis nach Tovarnele ist ca. 24 km lang<\/p>\n<p style=\"text-align: center;\">Dort sind folgende Bilder entstanden. Man schaut auf die Inseln Rab-Cres und Losinj.<br>\nHier im Hintergrund Losinj und Cres<br>\n<img loading=\"lazy\" decoding=\"async\" class=\"size-full wp-image-877 aligncenter\" src=\"https:\/\/gartner52.de\/page\/wp-content\/uploads\/2016\/02\/2009_Juni18.jpg\" alt=\"2009_Juni18\" width=\"800\" height=\"533\" srcset=\"https:\/\/gartner52.de\/page\/wp-content\/uploads\/2016\/02\/2009_Juni18.jpg 800w, https:\/\/gartner52.de\/page\/wp-content\/uploads\/2016\/02\/2009_Juni18-300x200.jpg 300w, https:\/\/gartner52.de\/page\/wp-content\/uploads\/2016\/02\/2009_Juni18-768x512.jpg 768w\" sizes=\"auto, (max-width: 800px) 100vw, 800px\">Rab rechts in der Mitte<br>\n<img loading=\"lazy\" decoding=\"async\" class=\"size-full wp-image-878 aligncenter\" src=\"https:\/\/gartner52.de\/page\/wp-content\/uploads\/2016\/02\/2009_Juni19.jpg\" alt=\"2009_Juni19\" width=\"800\" height=\"533\" srcset=\"https:\/\/gartner52.de\/page\/wp-content\/uploads\/2016\/02\/2009_Juni19.jpg 800w, https:\/\/gartner52.de\/page\/wp-content\/uploads\/2016\/02\/2009_Juni19-300x200.jpg 300w, https:\/\/gartner52.de\/page\/wp-content\/uploads\/2016\/02\/2009_Juni19-768x512.jpg 768w\" sizes=\"auto, (max-width: 800px) 100vw, 800px\"><\/p>\n<p style=\"text-align: center;\">Das D\u00f6rfchen \u201d Tovarnele \u201d<br>\n<img loading=\"lazy\" decoding=\"async\" class=\"size-full wp-image-879 aligncenter\" src=\"https:\/\/gartner52.de\/page\/wp-content\/uploads\/2016\/02\/2009_Juni20.jpg\" alt=\"2009_Juni20\" width=\"800\" height=\"533\" srcset=\"https:\/\/gartner52.de\/page\/wp-content\/uploads\/2016\/02\/2009_Juni20.jpg 800w, https:\/\/gartner52.de\/page\/wp-content\/uploads\/2016\/02\/2009_Juni20-300x200.jpg 300w, https:\/\/gartner52.de\/page\/wp-content\/uploads\/2016\/02\/2009_Juni20-768x512.jpg 768w\" sizes=\"auto, (max-width: 800px) 100vw, 800px\"><\/p>\n<p style=\"text-align: center;\">Ge\u00fcbte Radfahrer machen die Tour auch mit dem Bike, es geht ja fast immer geradeaus, nur hat es einige gro\u00dfe Steigungen dabei.<br>\nMit dem Wohnmobil kann man bis Lun fahren, von dort aus darf man laut Verkehrszeichen aber nicht mehr weiter fahren.<br>\nEs kommt ein Gef\u00e4lle von 20% und ungef\u00e4hr 600 Meter L\u00e4nge. Hier muss man auch wieder zur\u00fcck,<br>\ndann nat\u00fcrlich Bergauf. Unser Roller hat das ganz locker gemeistert.<br>\nMeiner Ansicht nach ist die Strecke auch f\u00fcr Womos geeignet,<br>\nwenigsten bis zu einer L\u00e4nge von 8 Meter geht es ohne Probleme.<br>\nSollte aber jeder selber wissen ob er das macht. Hindernisse sind jedenfalls nicht vorhanden.<br>\nEs stand auch ein kleineres Wohnmobil ganz oben am Ende der Insel.<\/p>\n<p style=\"text-align: center;\">Hier standen am Stra\u00dfenrand sehr viele alte Olivenb\u00e4ume<br>\n<img loading=\"lazy\" decoding=\"async\" class=\"size-full wp-image-880 aligncenter\" src=\"https:\/\/gartner52.de\/page\/wp-content\/uploads\/2016\/02\/2009_Juni21.jpg\" alt=\"2009_Juni21\" width=\"800\" height=\"533\" srcset=\"https:\/\/gartner52.de\/page\/wp-content\/uploads\/2016\/02\/2009_Juni21.jpg 800w, https:\/\/gartner52.de\/page\/wp-content\/uploads\/2016\/02\/2009_Juni21-300x200.jpg 300w, https:\/\/gartner52.de\/page\/wp-content\/uploads\/2016\/02\/2009_Juni21-768x512.jpg 768w\" sizes=\"auto, (max-width: 800px) 100vw, 800px\"><br>\n<img loading=\"lazy\" decoding=\"async\" class=\"size-full wp-image-881 aligncenter\" src=\"https:\/\/gartner52.de\/page\/wp-content\/uploads\/2016\/02\/2009_Juni22.jpg\" alt=\"2009_Juni22\" width=\"800\" height=\"533\" srcset=\"https:\/\/gartner52.de\/page\/wp-content\/uploads\/2016\/02\/2009_Juni22.jpg 800w, https:\/\/gartner52.de\/page\/wp-content\/uploads\/2016\/02\/2009_Juni22-300x200.jpg 300w, https:\/\/gartner52.de\/page\/wp-content\/uploads\/2016\/02\/2009_Juni22-768x512.jpg 768w\" sizes=\"auto, (max-width: 800px) 100vw, 800px\"><br>\nDie Olivenb\u00e4ume sind sehr alt aber wundersch\u00f6n<br>\n<img loading=\"lazy\" decoding=\"async\" class=\"size-full wp-image-882 aligncenter\" src=\"https:\/\/gartner52.de\/page\/wp-content\/uploads\/2016\/02\/2009_Juni23.jpg\" alt=\"2009_Juni23\" width=\"800\" height=\"533\" srcset=\"https:\/\/gartner52.de\/page\/wp-content\/uploads\/2016\/02\/2009_Juni23.jpg 800w, https:\/\/gartner52.de\/page\/wp-content\/uploads\/2016\/02\/2009_Juni23-300x200.jpg 300w, https:\/\/gartner52.de\/page\/wp-content\/uploads\/2016\/02\/2009_Juni23-768x512.jpg 768w\" sizes=\"auto, (max-width: 800px) 100vw, 800px\"><\/p>\n<p style=\"text-align: center;\">Weiter auf dem R\u00fcckweg von Lun eine Bucht noch vor Novalja.<br>\nAber zum Wasser kommt man nur sehr beschwerlich, das wollten wir uns aber mit unserem Roller nicht an tun.<br>\n<img loading=\"lazy\" decoding=\"async\" class=\"size-full wp-image-883 aligncenter\" src=\"https:\/\/gartner52.de\/page\/wp-content\/uploads\/2016\/02\/2009_Juni24.jpg\" alt=\"2009_Juni24\" width=\"800\" height=\"533\" srcset=\"https:\/\/gartner52.de\/page\/wp-content\/uploads\/2016\/02\/2009_Juni24.jpg 800w, https:\/\/gartner52.de\/page\/wp-content\/uploads\/2016\/02\/2009_Juni24-300x200.jpg 300w, https:\/\/gartner52.de\/page\/wp-content\/uploads\/2016\/02\/2009_Juni24-768x512.jpg 768w\" sizes=\"auto, (max-width: 800px) 100vw, 800px\"><br>\n<img loading=\"lazy\" decoding=\"async\" class=\"size-full wp-image-884 aligncenter\" src=\"https:\/\/gartner52.de\/page\/wp-content\/uploads\/2016\/02\/2009_Juni25.jpg\" alt=\"2009_Juni25\" width=\"800\" height=\"533\" srcset=\"https:\/\/gartner52.de\/page\/wp-content\/uploads\/2016\/02\/2009_Juni25.jpg 800w, https:\/\/gartner52.de\/page\/wp-content\/uploads\/2016\/02\/2009_Juni25-300x200.jpg 300w, https:\/\/gartner52.de\/page\/wp-content\/uploads\/2016\/02\/2009_Juni25-768x512.jpg 768w\" sizes=\"auto, (max-width: 800px) 100vw, 800px\"><\/p>\n<p style=\"text-align: center;\">Zur\u00fcck in Novalja mischten wir uns unter die Leute und bummelten durch die Stadt.<br>\n<img loading=\"lazy\" decoding=\"async\" class=\"size-full wp-image-885 aligncenter\" src=\"https:\/\/gartner52.de\/page\/wp-content\/uploads\/2016\/02\/2009_Juni26.jpg\" alt=\"2009_Juni26\" width=\"800\" height=\"533\" srcset=\"https:\/\/gartner52.de\/page\/wp-content\/uploads\/2016\/02\/2009_Juni26.jpg 800w, https:\/\/gartner52.de\/page\/wp-content\/uploads\/2016\/02\/2009_Juni26-300x200.jpg 300w, https:\/\/gartner52.de\/page\/wp-content\/uploads\/2016\/02\/2009_Juni26-768x512.jpg 768w\" sizes=\"auto, (max-width: 800px) 100vw, 800px\"><br>\n<img loading=\"lazy\" decoding=\"async\" class=\"size-full wp-image-887 aligncenter\" src=\"https:\/\/gartner52.de\/page\/wp-content\/uploads\/2016\/02\/2009_Juni28.jpg\" alt=\"2009_Juni28\" width=\"800\" height=\"533\" srcset=\"https:\/\/gartner52.de\/page\/wp-content\/uploads\/2016\/02\/2009_Juni28.jpg 800w, https:\/\/gartner52.de\/page\/wp-content\/uploads\/2016\/02\/2009_Juni28-300x200.jpg 300w, https:\/\/gartner52.de\/page\/wp-content\/uploads\/2016\/02\/2009_Juni28-768x512.jpg 768w\" sizes=\"auto, (max-width: 800px) 100vw, 800px\"><br>\n<img loading=\"lazy\" decoding=\"async\" class=\"size-full wp-image-886 aligncenter\" src=\"https:\/\/gartner52.de\/page\/wp-content\/uploads\/2016\/02\/2009_Juni27.jpg\" alt=\"2009_Juni27\" width=\"800\" height=\"533\" srcset=\"https:\/\/gartner52.de\/page\/wp-content\/uploads\/2016\/02\/2009_Juni27.jpg 800w, https:\/\/gartner52.de\/page\/wp-content\/uploads\/2016\/02\/2009_Juni27-300x200.jpg 300w, https:\/\/gartner52.de\/page\/wp-content\/uploads\/2016\/02\/2009_Juni27-768x512.jpg 768w\" sizes=\"auto, (max-width: 800px) 100vw, 800px\"><\/p>\n<hr>\n<p style=\"text-align: center;\">Wir wollten nicht den ganzen Urlaub auf dem Camp Strasko verbringen, deshalb ging es nach 5 Tagen weiter Richtung S\u00fcden.<br>\nIn Pag wurde ein Zwischenstopp eingelegt und eine Stadtbesichtigung gemacht.<br>\n<img loading=\"lazy\" decoding=\"async\" class=\"size-full wp-image-891 aligncenter\" src=\"https:\/\/gartner52.de\/page\/wp-content\/uploads\/2016\/02\/2009_Juni32.jpg\" alt=\"2009_Juni32\" width=\"800\" height=\"533\" srcset=\"https:\/\/gartner52.de\/page\/wp-content\/uploads\/2016\/02\/2009_Juni32.jpg 800w, https:\/\/gartner52.de\/page\/wp-content\/uploads\/2016\/02\/2009_Juni32-300x200.jpg 300w, https:\/\/gartner52.de\/page\/wp-content\/uploads\/2016\/02\/2009_Juni32-768x512.jpg 768w\" sizes=\"auto, (max-width: 800px) 100vw, 800px\"><br>\n<img loading=\"lazy\" decoding=\"async\" class=\"size-full wp-image-892 aligncenter\" src=\"https:\/\/gartner52.de\/page\/wp-content\/uploads\/2016\/02\/2009_Juni33.jpg\" alt=\"2009_Juni33\" width=\"800\" height=\"533\" srcset=\"https:\/\/gartner52.de\/page\/wp-content\/uploads\/2016\/02\/2009_Juni33.jpg 800w, https:\/\/gartner52.de\/page\/wp-content\/uploads\/2016\/02\/2009_Juni33-300x200.jpg 300w, https:\/\/gartner52.de\/page\/wp-content\/uploads\/2016\/02\/2009_Juni33-768x512.jpg 768w\" sizes=\"auto, (max-width: 800px) 100vw, 800px\"><br>\n<img loading=\"lazy\" decoding=\"async\" class=\"size-full wp-image-893 aligncenter\" src=\"https:\/\/gartner52.de\/page\/wp-content\/uploads\/2016\/02\/2009_Juni34.jpg\" alt=\"2009_Juni34\" width=\"800\" height=\"533\" srcset=\"https:\/\/gartner52.de\/page\/wp-content\/uploads\/2016\/02\/2009_Juni34.jpg 800w, https:\/\/gartner52.de\/page\/wp-content\/uploads\/2016\/02\/2009_Juni34-300x200.jpg 300w, https:\/\/gartner52.de\/page\/wp-content\/uploads\/2016\/02\/2009_Juni34-768x512.jpg 768w\" sizes=\"auto, (max-width: 800px) 100vw, 800px\"><br>\nDie Hauptstra\u00dfe Richtung Zadar<br>\n<img loading=\"lazy\" decoding=\"async\" class=\"size-full wp-image-894 aligncenter\" src=\"https:\/\/gartner52.de\/page\/wp-content\/uploads\/2016\/02\/2009_Juni35.jpg\" alt=\"2009_Juni35\" width=\"800\" height=\"533\" srcset=\"https:\/\/gartner52.de\/page\/wp-content\/uploads\/2016\/02\/2009_Juni35.jpg 800w, https:\/\/gartner52.de\/page\/wp-content\/uploads\/2016\/02\/2009_Juni35-300x200.jpg 300w, https:\/\/gartner52.de\/page\/wp-content\/uploads\/2016\/02\/2009_Juni35-768x512.jpg 768w\" sizes=\"auto, (max-width: 800px) 100vw, 800px\"><br>\n<img loading=\"lazy\" decoding=\"async\" class=\"size-full wp-image-895 aligncenter\" src=\"https:\/\/gartner52.de\/page\/wp-content\/uploads\/2016\/02\/2009_Juni36.jpg\" alt=\"2009_Juni36\" width=\"800\" height=\"533\" srcset=\"https:\/\/gartner52.de\/page\/wp-content\/uploads\/2016\/02\/2009_Juni36.jpg 800w, https:\/\/gartner52.de\/page\/wp-content\/uploads\/2016\/02\/2009_Juni36-300x200.jpg 300w, https:\/\/gartner52.de\/page\/wp-content\/uploads\/2016\/02\/2009_Juni36-768x512.jpg 768w\" sizes=\"auto, (max-width: 800px) 100vw, 800px\"><br>\n<img loading=\"lazy\" decoding=\"async\" class=\"size-full wp-image-896 aligncenter\" src=\"https:\/\/gartner52.de\/page\/wp-content\/uploads\/2016\/02\/2009_Juni37.jpg\" alt=\"2009_Juni37\" width=\"800\" height=\"533\" srcset=\"https:\/\/gartner52.de\/page\/wp-content\/uploads\/2016\/02\/2009_Juni37.jpg 800w, https:\/\/gartner52.de\/page\/wp-content\/uploads\/2016\/02\/2009_Juni37-300x200.jpg 300w, https:\/\/gartner52.de\/page\/wp-content\/uploads\/2016\/02\/2009_Juni37-768x512.jpg 768w\" sizes=\"auto, (max-width: 800px) 100vw, 800px\"><\/p>\n<p style=\"text-align: center;\">In den schmalen Gassen war es sch\u00f6n k\u00fchl<br>\n<img loading=\"lazy\" decoding=\"async\" class=\"size-full wp-image-897 aligncenter\" src=\"https:\/\/gartner52.de\/page\/wp-content\/uploads\/2016\/02\/2009_Juni38.jpg\" alt=\"2009_Juni38\" width=\"800\" height=\"533\" srcset=\"https:\/\/gartner52.de\/page\/wp-content\/uploads\/2016\/02\/2009_Juni38.jpg 800w, https:\/\/gartner52.de\/page\/wp-content\/uploads\/2016\/02\/2009_Juni38-300x200.jpg 300w, https:\/\/gartner52.de\/page\/wp-content\/uploads\/2016\/02\/2009_Juni38-768x512.jpg 768w\" sizes=\"auto, (max-width: 800px) 100vw, 800px\"><\/p>\n<p style=\"text-align: center;\">Viel gibt es allerdings nicht zu sehen, wir wollten in die gro\u00dfe Kirche, leider war die wegen Bauarbeiten geschlossen.<br>\n<img loading=\"lazy\" decoding=\"async\" class=\"size-full wp-image-898 aligncenter\" src=\"https:\/\/gartner52.de\/page\/wp-content\/uploads\/2016\/02\/2009_Juni39.jpg\" alt=\"2009_Juni39\" width=\"800\" height=\"533\" srcset=\"https:\/\/gartner52.de\/page\/wp-content\/uploads\/2016\/02\/2009_Juni39.jpg 800w, https:\/\/gartner52.de\/page\/wp-content\/uploads\/2016\/02\/2009_Juni39-300x200.jpg 300w, https:\/\/gartner52.de\/page\/wp-content\/uploads\/2016\/02\/2009_Juni39-768x512.jpg 768w\" sizes=\"auto, (max-width: 800px) 100vw, 800px\"><\/p>\n<h4 style=\"text-align: center;\"><span style=\"color: #3366ff;\"><a href=\"https:\/\/gartner52.de\/page\/juni-2009-2\/\">Weiter zum Teil 2<\/a><\/span><\/h4>\n","protected":false},"excerpt":{"rendered":"<p>Unsere Tour im Juni 2009 zur Insel Pag und in die Region Zadar Los ging es am 10. Juni um 11 Uhr in Karlsruhe. Rauf auf die Autobahn und gleich f\u00fcr 10 Minuten im Stau gestanden. Ab Pforzheim ging es \u2026 <a href=\"https:\/\/gartner52.de\/page\/juni2009-1\/\">Weiter<\/a><\/p>\n","protected":false},"author":1,"featured_media":0,"parent":0,"menu_order":0,"comment_status":"closed","ping_status":"closed","template":"","meta":{"wp_typography_post_enhancements_disabled":false,"kt_blocks_editor_width":"","footnotes":""},"class_list":["post-794","page","type-page","status-publish","hentry"],"_links":{"self":[{"href":"https:\/\/gartner52.de\/page\/wp-json\/wp\/v2\/pages\/794","targetHints":{"allow":["GET"]}}],"collection":[{"href":"https:\/\/gartner52.de\/page\/wp-json\/wp\/v2\/pages"}],"about":[{"href":"https:\/\/gartner52.de\/page\/wp-json\/wp\/v2\/types\/page"}],"author":[{"embeddable":true,"href":"https:\/\/gartner52.de\/page\/wp-json\/wp\/v2\/users\/1"}],"replies":[{"embeddable":true,"href":"https:\/\/gartner52.de\/page\/wp-json\/wp\/v2\/comments?post=794"}],"version-history":[{"count":19,"href":"https:\/\/gartner52.de\/page\/wp-json\/wp\/v2\/pages\/794\/revisions"}],"predecessor-version":[{"id":950,"href":"https:\/\/gartner52.de\/page\/wp-json\/wp\/v2\/pages\/794\/revisions\/950"}],"wp:attachment":[{"href":"https:\/\/gartner52.de\/page\/wp-json\/wp\/v2\/media?parent=794"}],"curies":[{"name":"wp","href":"https:\/\/api.w.org\/{rel}","templated":true}]}}