{"id":7537,"date":"2023-10-09T20:13:43","date_gmt":"2023-10-09T18:13:43","guid":{"rendered":"https:\/\/gartner52.de\/page\/?page_id=7537"},"modified":"2025-02-16T22:19:58","modified_gmt":"2025-02-16T21:19:58","slug":"2023-ettenheim","status":"publish","type":"page","link":"https:\/\/gartner52.de\/page\/2023-ettenheim\/","title":{"rendered":"2023 Ettenheim"},"content":{"rendered":"<p style=\"text-align: center;\"><strong><em><span style=\"font-size: 16pt; color: #3366ff; font-family: comic sans ms, sans-serif;\">Unsere Abschlussfahrt 2023 zum Camping Oase bei Ettenheim<\/span><\/em><\/strong><\/p>\n<p style=\"text-align: center;\"><span style=\"color: #ff0000;\"><span style=\"color: #000000;\"><span style=\"font-size: 14pt;\"><br>\nF\u00fcr unseren letzten Campingaufenthalt 2023 wollten wir nicht so weit fahren.<br>\n<span style=\"color: #000000;\"><span style=\"font-family: helvetica, arial, sans-serif;\">Wir suchten einen Campingplatz irgendwo in der Rheinebene, unser Sohn machte den Vorschlag nach Ettenheim zum Camping Oase zu fahren.<br>\n<span style=\"color: #000000;\">Eine Suche im Iternet war schnell erledigt, der Platz hat uns gefallen weil auch das St\u00e4dtchen Ettenheim sehr sch\u00f6n war.<br>\nAlso fuhren wir am 28. September f\u00fcr 5 Tage dort hin.<\/span><\/span><\/span><\/span><\/span><\/span><\/p>\n<p style=\"text-align: center;\"><img loading=\"lazy\" decoding=\"async\" class=\"size-full wp-image-7669 aligncenter\" src=\"https:\/\/gartner52.de\/page\/wp-content\/uploads\/2023\/10\/Schild.jpg\" alt width=\"978\" height=\"550\" srcset=\"https:\/\/gartner52.de\/page\/wp-content\/uploads\/2023\/10\/Schild.jpg 978w, https:\/\/gartner52.de\/page\/wp-content\/uploads\/2023\/10\/Schild-300x169.jpg 300w, https:\/\/gartner52.de\/page\/wp-content\/uploads\/2023\/10\/Schild-768x432.jpg 768w\" sizes=\"auto, (max-width: 978px) 100vw, 978px\"><br>\n<span style=\"font-size: 14pt;\">unsere Stellpl\u00e4tze, alles sch\u00f6n eben und gro\u00df genug.<br>\nStrom Wasser und Abwasseranschluss waren bei jedem Stellplatz dabei<br>\n<img loading=\"lazy\" decoding=\"async\" class=\"size-full wp-image-7703 aligncenter\" src=\"https:\/\/gartner52.de\/page\/wp-content\/uploads\/2023\/11\/Stellplatz.jpg\" alt width=\"978\" height=\"550\" srcset=\"https:\/\/gartner52.de\/page\/wp-content\/uploads\/2023\/11\/Stellplatz.jpg 978w, https:\/\/gartner52.de\/page\/wp-content\/uploads\/2023\/11\/Stellplatz-300x169.jpg 300w, https:\/\/gartner52.de\/page\/wp-content\/uploads\/2023\/11\/Stellplatz-768x432.jpg 768w\" sizes=\"auto, (max-width: 978px) 100vw, 978px\"><\/span><\/p>\n<p style=\"text-align: center;\"><span style=\"font-size: 14pt;\">Blick zu der Sanit\u00e4ranlage, diese war ausreichend gro\u00df und sauber.<br>\n<img loading=\"lazy\" decoding=\"async\" class=\"size-full wp-image-7676 aligncenter\" src=\"https:\/\/gartner52.de\/page\/wp-content\/uploads\/2023\/11\/Campingplatz.jpg\" alt width=\"978\" height=\"550\" srcset=\"https:\/\/gartner52.de\/page\/wp-content\/uploads\/2023\/11\/Campingplatz.jpg 978w, https:\/\/gartner52.de\/page\/wp-content\/uploads\/2023\/11\/Campingplatz-300x169.jpg 300w, https:\/\/gartner52.de\/page\/wp-content\/uploads\/2023\/11\/Campingplatz-768x432.jpg 768w\" sizes=\"auto, (max-width: 978px) 100vw, 978px\">Der Platz war \u00fcber den 3. Oktober ganz sch\u00f6n voll.<br>\n<\/span><span style=\"font-size: 14pt;\"><img loading=\"lazy\" decoding=\"async\" class=\"size-large wp-image-7680 aligncenter\" src=\"https:\/\/gartner52.de\/page\/wp-content\/uploads\/2023\/11\/CP3-1024x461.jpg\" alt width=\"1024\" height=\"461\" srcset=\"https:\/\/gartner52.de\/page\/wp-content\/uploads\/2023\/11\/CP3-1024x461.jpg 1024w, https:\/\/gartner52.de\/page\/wp-content\/uploads\/2023\/11\/CP3-300x135.jpg 300w, https:\/\/gartner52.de\/page\/wp-content\/uploads\/2023\/11\/CP3-768x346.jpg 768w, https:\/\/gartner52.de\/page\/wp-content\/uploads\/2023\/11\/CP3.jpg 1222w\" sizes=\"auto, (max-width: 1024px) 100vw, 1024px\"><\/span><\/p>\n<p style=\"text-align: center;\"><span style=\"font-size: 14pt;\">Hier sieht man noch nicht so viel, aber es wurde sehr voll.<\/span><\/p>\n<p style=\"text-align: center;\"><span style=\"font-size: 14pt;\"><img loading=\"lazy\" decoding=\"async\" class=\"size-large wp-image-7681 aligncenter\" src=\"https:\/\/gartner52.de\/page\/wp-content\/uploads\/2023\/11\/CP4-1024x461.jpg\" alt width=\"1024\" height=\"461\" srcset=\"https:\/\/gartner52.de\/page\/wp-content\/uploads\/2023\/11\/CP4-1024x461.jpg 1024w, https:\/\/gartner52.de\/page\/wp-content\/uploads\/2023\/11\/CP4-300x135.jpg 300w, https:\/\/gartner52.de\/page\/wp-content\/uploads\/2023\/11\/CP4-768x346.jpg 768w, https:\/\/gartner52.de\/page\/wp-content\/uploads\/2023\/11\/CP4.jpg 1222w\" sizes=\"auto, (max-width: 1024px) 100vw, 1024px\"><\/span><\/p>\n<p style=\"text-align: center;\"><span style=\"font-size: 14pt;\">Das Bistro, da gab es einen sehr guten Flammkuchen und gute Getr\u00e4nke<br>\n<img loading=\"lazy\" decoding=\"async\" class=\"size-large wp-image-7679 aligncenter\" src=\"https:\/\/gartner52.de\/page\/wp-content\/uploads\/2023\/11\/CP2-1024x461.jpg\" alt width=\"1024\" height=\"461\" srcset=\"https:\/\/gartner52.de\/page\/wp-content\/uploads\/2023\/11\/CP2-1024x461.jpg 1024w, https:\/\/gartner52.de\/page\/wp-content\/uploads\/2023\/11\/CP2-300x135.jpg 300w, https:\/\/gartner52.de\/page\/wp-content\/uploads\/2023\/11\/CP2-768x346.jpg 768w, https:\/\/gartner52.de\/page\/wp-content\/uploads\/2023\/11\/CP2.jpg 1222w\" sizes=\"auto, (max-width: 1024px) 100vw, 1024px\"><\/span><\/p>\n<p style=\"text-align: center;\"><span style=\"font-size: 14pt;\"> <img loading=\"lazy\" decoding=\"async\" class=\"size-large wp-image-7678 aligncenter\" src=\"https:\/\/gartner52.de\/page\/wp-content\/uploads\/2023\/11\/CP1-1024x461.jpg\" alt width=\"1024\" height=\"461\" srcset=\"https:\/\/gartner52.de\/page\/wp-content\/uploads\/2023\/11\/CP1-1024x461.jpg 1024w, https:\/\/gartner52.de\/page\/wp-content\/uploads\/2023\/11\/CP1-300x135.jpg 300w, https:\/\/gartner52.de\/page\/wp-content\/uploads\/2023\/11\/CP1-768x346.jpg 768w, https:\/\/gartner52.de\/page\/wp-content\/uploads\/2023\/11\/CP1.jpg 1222w\" sizes=\"auto, (max-width: 1024px) 100vw, 1024px\"><\/span><\/p>\n<p style=\"text-align: center;\"><span style=\"font-size: 14pt;\"><img loading=\"lazy\" decoding=\"async\" class=\"alignnone size-full wp-image-7691\" src=\"https:\/\/gartner52.de\/page\/wp-content\/uploads\/2023\/11\/Flammkuchen.jpg\" alt width=\"978\" height=\"550\" srcset=\"https:\/\/gartner52.de\/page\/wp-content\/uploads\/2023\/11\/Flammkuchen.jpg 978w, https:\/\/gartner52.de\/page\/wp-content\/uploads\/2023\/11\/Flammkuchen-300x169.jpg 300w, https:\/\/gartner52.de\/page\/wp-content\/uploads\/2023\/11\/Flammkuchen-768x432.jpg 768w\" sizes=\"auto, (max-width: 978px) 100vw, 978px\"><br>\nDie Campingfreunde Offenburg waren an diesen Wochenende auch auf dem Platz.<br>\nBei denen waren wir auch mal ein paar Jahre Mitglied und haben zusammen viele sch\u00f6ne Tage verbracht.<br>\n<\/span><\/p>\n<p style=\"text-align: center;\"><span style=\"font-size: 14pt;\"> <img loading=\"lazy\" decoding=\"async\" class=\"size-full wp-image-7677 aligncenter\" src=\"https:\/\/gartner52.de\/page\/wp-content\/uploads\/2023\/11\/CFO.jpg\" alt width=\"978\" height=\"550\" srcset=\"https:\/\/gartner52.de\/page\/wp-content\/uploads\/2023\/11\/CFO.jpg 978w, https:\/\/gartner52.de\/page\/wp-content\/uploads\/2023\/11\/CFO-300x169.jpg 300w, https:\/\/gartner52.de\/page\/wp-content\/uploads\/2023\/11\/CFO-768x432.jpg 768w\" sizes=\"auto, (max-width: 978px) 100vw, 978px\">Der Spielplatz am Campingplatz, alle Spielger\u00e4te in einem super Zustand.<br>\n<img loading=\"lazy\" decoding=\"async\" class=\"size-full wp-image-7701 aligncenter\" src=\"https:\/\/gartner52.de\/page\/wp-content\/uploads\/2023\/11\/Spielplatz1.jpg\" alt width=\"978\" height=\"550\" srcset=\"https:\/\/gartner52.de\/page\/wp-content\/uploads\/2023\/11\/Spielplatz1.jpg 978w, https:\/\/gartner52.de\/page\/wp-content\/uploads\/2023\/11\/Spielplatz1-300x169.jpg 300w, https:\/\/gartner52.de\/page\/wp-content\/uploads\/2023\/11\/Spielplatz1-768x432.jpg 768w\" sizes=\"auto, (max-width: 978px) 100vw, 978px\"> <img loading=\"lazy\" decoding=\"async\" class=\"size-full wp-image-7700 aligncenter\" src=\"https:\/\/gartner52.de\/page\/wp-content\/uploads\/2023\/11\/Spielplatz.jpg\" alt width=\"978\" height=\"550\" srcset=\"https:\/\/gartner52.de\/page\/wp-content\/uploads\/2023\/11\/Spielplatz.jpg 978w, https:\/\/gartner52.de\/page\/wp-content\/uploads\/2023\/11\/Spielplatz-300x169.jpg 300w, https:\/\/gartner52.de\/page\/wp-content\/uploads\/2023\/11\/Spielplatz-768x432.jpg 768w\" sizes=\"auto, (max-width: 978px) 100vw, 978px\"><\/span><\/p>\n<p style=\"text-align: center;\"><span style=\"font-size: 14pt;\">Geschirrsp\u00fclstation an der Sanit\u00e4ranlage <img loading=\"lazy\" decoding=\"async\" class=\"size-full wp-image-7702 aligncenter\" src=\"https:\/\/gartner52.de\/page\/wp-content\/uploads\/2023\/11\/Spuelen.jpg\" alt width=\"978\" height=\"550\" srcset=\"https:\/\/gartner52.de\/page\/wp-content\/uploads\/2023\/11\/Spuelen.jpg 978w, https:\/\/gartner52.de\/page\/wp-content\/uploads\/2023\/11\/Spuelen-300x169.jpg 300w, https:\/\/gartner52.de\/page\/wp-content\/uploads\/2023\/11\/Spuelen-768x432.jpg 768w\" sizes=\"auto, (max-width: 978px) 100vw, 978px\"><br>\nEin Besuch in Ettenheim haben wir nat\u00fcrlich auch gemacht, vom Campingplatz bis zur Stadt waren es nur ca.1,5 Kilometer<br>\n<img loading=\"lazy\" decoding=\"async\" class=\"size-full wp-image-7683 aligncenter\" src=\"https:\/\/gartner52.de\/page\/wp-content\/uploads\/2023\/11\/ETT.jpg\" alt width=\"978\" height=\"550\" srcset=\"https:\/\/gartner52.de\/page\/wp-content\/uploads\/2023\/11\/ETT.jpg 978w, https:\/\/gartner52.de\/page\/wp-content\/uploads\/2023\/11\/ETT-300x169.jpg 300w, https:\/\/gartner52.de\/page\/wp-content\/uploads\/2023\/11\/ETT-768x432.jpg 768w\" sizes=\"auto, (max-width: 978px) 100vw, 978px\">Wir sind mit den Bikes in die Stadt gefahren<br>\n<img loading=\"lazy\" decoding=\"async\" class=\"size-large wp-image-7688 aligncenter\" src=\"https:\/\/gartner52.de\/page\/wp-content\/uploads\/2023\/11\/ETT5-461x1024.jpg\" alt width=\"461\" height=\"1024\" srcset=\"https:\/\/gartner52.de\/page\/wp-content\/uploads\/2023\/11\/ETT5-461x1024.jpg 461w, https:\/\/gartner52.de\/page\/wp-content\/uploads\/2023\/11\/ETT5-135x300.jpg 135w, https:\/\/gartner52.de\/page\/wp-content\/uploads\/2023\/11\/ETT5-691x1536.jpg 691w, https:\/\/gartner52.de\/page\/wp-content\/uploads\/2023\/11\/ETT5.jpg 700w\" sizes=\"auto, (max-width: 461px) 100vw, 461px\"><\/span><\/p>\n<p><img loading=\"lazy\" decoding=\"async\" class=\"size-large wp-image-7687 aligncenter\" src=\"https:\/\/gartner52.de\/page\/wp-content\/uploads\/2023\/11\/ETT4-1024x461.jpg\" alt width=\"1024\" height=\"461\" srcset=\"https:\/\/gartner52.de\/page\/wp-content\/uploads\/2023\/11\/ETT4-1024x461.jpg 1024w, https:\/\/gartner52.de\/page\/wp-content\/uploads\/2023\/11\/ETT4-300x135.jpg 300w, https:\/\/gartner52.de\/page\/wp-content\/uploads\/2023\/11\/ETT4-768x346.jpg 768w, https:\/\/gartner52.de\/page\/wp-content\/uploads\/2023\/11\/ETT4.jpg 1222w\" sizes=\"auto, (max-width: 1024px) 100vw, 1024px\"><\/p>\n<p style=\"text-align: center;\"><span style=\"font-size: 14pt;\">In Ettenheim gibt es viele Fachwerkh\u00e4user<br>\n<img loading=\"lazy\" decoding=\"async\" class=\"size-full wp-image-7686 aligncenter\" src=\"https:\/\/gartner52.de\/page\/wp-content\/uploads\/2023\/11\/ETT3.jpg\" alt width=\"978\" height=\"550\" srcset=\"https:\/\/gartner52.de\/page\/wp-content\/uploads\/2023\/11\/ETT3.jpg 978w, https:\/\/gartner52.de\/page\/wp-content\/uploads\/2023\/11\/ETT3-300x169.jpg 300w, https:\/\/gartner52.de\/page\/wp-content\/uploads\/2023\/11\/ETT3-768x432.jpg 768w\" sizes=\"auto, (max-width: 978px) 100vw, 978px\"><\/span><\/p>\n<p style=\"text-align: center;\"><span style=\"font-size: 14pt;\"> <img loading=\"lazy\" decoding=\"async\" class=\"size-full wp-image-7684 aligncenter\" src=\"https:\/\/gartner52.de\/page\/wp-content\/uploads\/2023\/11\/ETT1.jpg\" alt width=\"978\" height=\"550\" srcset=\"https:\/\/gartner52.de\/page\/wp-content\/uploads\/2023\/11\/ETT1.jpg 978w, https:\/\/gartner52.de\/page\/wp-content\/uploads\/2023\/11\/ETT1-300x169.jpg 300w, https:\/\/gartner52.de\/page\/wp-content\/uploads\/2023\/11\/ETT1-768x432.jpg 768w\" sizes=\"auto, (max-width: 978px) 100vw, 978px\">Am Marktplatz hatte es ein paar Verkaufsst\u00e4nde.<br>\n<img loading=\"lazy\" decoding=\"async\" class=\"size-full wp-image-7685 aligncenter\" src=\"https:\/\/gartner52.de\/page\/wp-content\/uploads\/2023\/11\/ETT2.jpg\" alt width=\"978\" height=\"550\" srcset=\"https:\/\/gartner52.de\/page\/wp-content\/uploads\/2023\/11\/ETT2.jpg 978w, https:\/\/gartner52.de\/page\/wp-content\/uploads\/2023\/11\/ETT2-300x169.jpg 300w, https:\/\/gartner52.de\/page\/wp-content\/uploads\/2023\/11\/ETT2-768x432.jpg 768w\" sizes=\"auto, (max-width: 978px) 100vw, 978px\"><br>\nMit den E\u2011Bikes haben wir auch eine gr\u00f6\u00dfere Tour nach Frankreich gemacht<br>\n<img loading=\"lazy\" decoding=\"async\" class=\"size-large wp-image-7692 aligncenter\" src=\"https:\/\/gartner52.de\/page\/wp-content\/uploads\/2023\/11\/France-461x1024.jpg\" alt width=\"461\" height=\"1024\" srcset=\"https:\/\/gartner52.de\/page\/wp-content\/uploads\/2023\/11\/France-461x1024.jpg 461w, https:\/\/gartner52.de\/page\/wp-content\/uploads\/2023\/11\/France-135x300.jpg 135w, https:\/\/gartner52.de\/page\/wp-content\/uploads\/2023\/11\/France.jpg 675w\" sizes=\"auto, (max-width: 461px) 100vw, 461px\">Mit der F\u00e4hre \u00fcber den Rhein nach Rhinau<br>\n<img loading=\"lazy\" decoding=\"async\" class=\"size-full wp-image-7689 aligncenter\" src=\"https:\/\/gartner52.de\/page\/wp-content\/uploads\/2023\/11\/Faehre.jpg\" alt width=\"978\" height=\"550\" srcset=\"https:\/\/gartner52.de\/page\/wp-content\/uploads\/2023\/11\/Faehre.jpg 978w, https:\/\/gartner52.de\/page\/wp-content\/uploads\/2023\/11\/Faehre-300x169.jpg 300w, https:\/\/gartner52.de\/page\/wp-content\/uploads\/2023\/11\/Faehre-768x432.jpg 768w\" sizes=\"auto, (max-width: 978px) 100vw, 978px\"> <img loading=\"lazy\" decoding=\"async\" class=\"size-full wp-image-7690 aligncenter\" src=\"https:\/\/gartner52.de\/page\/wp-content\/uploads\/2023\/11\/Faehre1.jpg\" alt width=\"978\" height=\"550\" srcset=\"https:\/\/gartner52.de\/page\/wp-content\/uploads\/2023\/11\/Faehre1.jpg 978w, https:\/\/gartner52.de\/page\/wp-content\/uploads\/2023\/11\/Faehre1-300x169.jpg 300w, https:\/\/gartner52.de\/page\/wp-content\/uploads\/2023\/11\/Faehre1-768x432.jpg 768w\" sizes=\"auto, (max-width: 978px) 100vw, 978px\">Von dort immer am Fluss entlang<br>\n<img loading=\"lazy\" decoding=\"async\" class=\"alignnone size-full wp-image-7707\" src=\"https:\/\/gartner52.de\/page\/wp-content\/uploads\/2023\/11\/Tour1.jpg\" alt width=\"978\" height=\"550\" srcset=\"https:\/\/gartner52.de\/page\/wp-content\/uploads\/2023\/11\/Tour1.jpg 978w, https:\/\/gartner52.de\/page\/wp-content\/uploads\/2023\/11\/Tour1-300x169.jpg 300w, https:\/\/gartner52.de\/page\/wp-content\/uploads\/2023\/11\/Tour1-768x432.jpg 768w\" sizes=\"auto, (max-width: 978px) 100vw, 978px\"><br>\nDie Hunde gingen im Rhein baden<br>\n<img loading=\"lazy\" decoding=\"async\" class=\"size-large wp-image-7694 aligncenter\" src=\"https:\/\/gartner52.de\/page\/wp-content\/uploads\/2023\/11\/Hundis-567x1024.jpg\" alt width=\"567\" height=\"1024\" srcset=\"https:\/\/gartner52.de\/page\/wp-content\/uploads\/2023\/11\/Hundis-567x1024.jpg 567w, https:\/\/gartner52.de\/page\/wp-content\/uploads\/2023\/11\/Hundis-166x300.jpg 166w, https:\/\/gartner52.de\/page\/wp-content\/uploads\/2023\/11\/Hundis.jpg 672w\" sizes=\"auto, (max-width: 567px) 100vw, 567px\"><br>\n<\/span><\/p>\n<p style=\"text-align: center;\"><span style=\"font-size: 14pt;\"> <img loading=\"lazy\" decoding=\"async\" class=\"size-large wp-image-7706 aligncenter\" src=\"https:\/\/gartner52.de\/page\/wp-content\/uploads\/2023\/11\/Tour-1024x461.jpg\" alt width=\"1024\" height=\"461\" srcset=\"https:\/\/gartner52.de\/page\/wp-content\/uploads\/2023\/11\/Tour-1024x461.jpg 1024w, https:\/\/gartner52.de\/page\/wp-content\/uploads\/2023\/11\/Tour-300x135.jpg 300w, https:\/\/gartner52.de\/page\/wp-content\/uploads\/2023\/11\/Tour-768x346.jpg 768w, https:\/\/gartner52.de\/page\/wp-content\/uploads\/2023\/11\/Tour.jpg 1222w\" sizes=\"auto, (max-width: 1024px) 100vw, 1024px\"><br>\n<\/span><\/p>\n<p style=\"text-align: center;\"><img loading=\"lazy\" decoding=\"async\" class=\"size-large wp-image-7713 aligncenter\" src=\"https:\/\/gartner52.de\/page\/wp-content\/uploads\/2023\/11\/Tour7-1024x576.jpg\" alt width=\"1024\" height=\"576\" srcset=\"https:\/\/gartner52.de\/page\/wp-content\/uploads\/2023\/11\/Tour7-1024x576.jpg 1024w, https:\/\/gartner52.de\/page\/wp-content\/uploads\/2023\/11\/Tour7-300x169.jpg 300w, https:\/\/gartner52.de\/page\/wp-content\/uploads\/2023\/11\/Tour7-768x432.jpg 768w, https:\/\/gartner52.de\/page\/wp-content\/uploads\/2023\/11\/Tour7.jpg 1067w\" sizes=\"auto, (max-width: 1024px) 100vw, 1024px\"> <img loading=\"lazy\" decoding=\"async\" class=\"size-large wp-image-7712 aligncenter\" src=\"https:\/\/gartner52.de\/page\/wp-content\/uploads\/2023\/11\/Tour6-1024x576.jpg\" alt width=\"1024\" height=\"576\" srcset=\"https:\/\/gartner52.de\/page\/wp-content\/uploads\/2023\/11\/Tour6-1024x576.jpg 1024w, https:\/\/gartner52.de\/page\/wp-content\/uploads\/2023\/11\/Tour6-300x169.jpg 300w, https:\/\/gartner52.de\/page\/wp-content\/uploads\/2023\/11\/Tour6-768x432.jpg 768w, https:\/\/gartner52.de\/page\/wp-content\/uploads\/2023\/11\/Tour6.jpg 1067w\" sizes=\"auto, (max-width: 1024px) 100vw, 1024px\"><\/p>\n<p style=\"text-align: center;\"><img loading=\"lazy\" decoding=\"async\" class=\"size-full wp-image-7711 aligncenter\" src=\"https:\/\/gartner52.de\/page\/wp-content\/uploads\/2023\/11\/Tour5.jpg\" alt width=\"978\" height=\"550\" srcset=\"https:\/\/gartner52.de\/page\/wp-content\/uploads\/2023\/11\/Tour5.jpg 978w, https:\/\/gartner52.de\/page\/wp-content\/uploads\/2023\/11\/Tour5-300x169.jpg 300w, https:\/\/gartner52.de\/page\/wp-content\/uploads\/2023\/11\/Tour5-768x432.jpg 768w\" sizes=\"auto, (max-width: 978px) 100vw, 978px\"><\/p>\n<p style=\"text-align: center;\"><span style=\"font-size: 14pt;\">Bei Schoenau sind wir wieder \u00fcber den Rhein zur\u00fcck gefahren<\/span><\/p>\n<p style=\"text-align: center;\"><img loading=\"lazy\" decoding=\"async\" class=\"size-full wp-image-7709 aligncenter\" src=\"https:\/\/gartner52.de\/page\/wp-content\/uploads\/2023\/11\/Tour3.jpg\" alt width=\"978\" height=\"550\" srcset=\"https:\/\/gartner52.de\/page\/wp-content\/uploads\/2023\/11\/Tour3.jpg 978w, https:\/\/gartner52.de\/page\/wp-content\/uploads\/2023\/11\/Tour3-300x169.jpg 300w, https:\/\/gartner52.de\/page\/wp-content\/uploads\/2023\/11\/Tour3-768x432.jpg 768w\" sizes=\"auto, (max-width: 978px) 100vw, 978px\"><span style=\"font-size: 14pt;\">Weiter nach Deutschland, \u00fcber Rust am Europapark vorbei Richtung Ettenheim zum Campingplatz<br>\n<img loading=\"lazy\" decoding=\"async\" class=\"size-large wp-image-7696 aligncenter\" src=\"https:\/\/gartner52.de\/page\/wp-content\/uploads\/2023\/11\/Rust2-1024x461.jpg\" alt width=\"1024\" height=\"461\" srcset=\"https:\/\/gartner52.de\/page\/wp-content\/uploads\/2023\/11\/Rust2-1024x461.jpg 1024w, https:\/\/gartner52.de\/page\/wp-content\/uploads\/2023\/11\/Rust2-300x135.jpg 300w, https:\/\/gartner52.de\/page\/wp-content\/uploads\/2023\/11\/Rust2-768x346.jpg 768w, https:\/\/gartner52.de\/page\/wp-content\/uploads\/2023\/11\/Rust2.jpg 1222w\" sizes=\"auto, (max-width: 1024px) 100vw, 1024px\"> <img loading=\"lazy\" decoding=\"async\" class=\"size-large wp-image-7695 aligncenter\" src=\"https:\/\/gartner52.de\/page\/wp-content\/uploads\/2023\/11\/Rust1-1024x461.jpg\" alt width=\"1024\" height=\"461\" srcset=\"https:\/\/gartner52.de\/page\/wp-content\/uploads\/2023\/11\/Rust1-1024x461.jpg 1024w, https:\/\/gartner52.de\/page\/wp-content\/uploads\/2023\/11\/Rust1-300x135.jpg 300w, https:\/\/gartner52.de\/page\/wp-content\/uploads\/2023\/11\/Rust1-768x346.jpg 768w, https:\/\/gartner52.de\/page\/wp-content\/uploads\/2023\/11\/Rust1.jpg 1222w\" sizes=\"auto, (max-width: 1024px) 100vw, 1024px\"> <img loading=\"lazy\" decoding=\"async\" class=\"size-large wp-image-7697 aligncenter\" src=\"https:\/\/gartner52.de\/page\/wp-content\/uploads\/2023\/11\/Rust3-1024x461.jpg\" alt width=\"1024\" height=\"461\" srcset=\"https:\/\/gartner52.de\/page\/wp-content\/uploads\/2023\/11\/Rust3-1024x461.jpg 1024w, https:\/\/gartner52.de\/page\/wp-content\/uploads\/2023\/11\/Rust3-300x135.jpg 300w, https:\/\/gartner52.de\/page\/wp-content\/uploads\/2023\/11\/Rust3-768x346.jpg 768w, https:\/\/gartner52.de\/page\/wp-content\/uploads\/2023\/11\/Rust3.jpg 1222w\" sizes=\"auto, (max-width: 1024px) 100vw, 1024px\">Das war am Schluss die gefahrenen Strecke mit den E\u2011Bikes<br>\n<img loading=\"lazy\" decoding=\"async\" class=\"size-large wp-image-7705 aligncenter\" src=\"https:\/\/gartner52.de\/page\/wp-content\/uploads\/2023\/11\/Tacho-461x1024.jpg\" alt width=\"461\" height=\"1024\" srcset=\"https:\/\/gartner52.de\/page\/wp-content\/uploads\/2023\/11\/Tacho-461x1024.jpg 461w, https:\/\/gartner52.de\/page\/wp-content\/uploads\/2023\/11\/Tacho-135x300.jpg 135w, https:\/\/gartner52.de\/page\/wp-content\/uploads\/2023\/11\/Tacho.jpg 675w\" sizes=\"auto, (max-width: 461px) 100vw, 461px\"><br>\nZum Abschluss sind wir in Ettenheim noch einmal Essen gegangen<br>\n<img loading=\"lazy\" decoding=\"async\" class=\"size-full wp-image-7693 aligncenter\" src=\"https:\/\/gartner52.de\/page\/wp-content\/uploads\/2023\/11\/Gasthaus.jpg\" alt width=\"978\" height=\"550\" srcset=\"https:\/\/gartner52.de\/page\/wp-content\/uploads\/2023\/11\/Gasthaus.jpg 978w, https:\/\/gartner52.de\/page\/wp-content\/uploads\/2023\/11\/Gasthaus-300x169.jpg 300w, https:\/\/gartner52.de\/page\/wp-content\/uploads\/2023\/11\/Gasthaus-768x432.jpg 768w\" sizes=\"auto, (max-width: 978px) 100vw, 978px\">Hat lecker geschmeckt<br>\n<img loading=\"lazy\" decoding=\"async\" class=\"alignnone size-full wp-image-7682\" src=\"https:\/\/gartner52.de\/page\/wp-content\/uploads\/2023\/11\/Essen.jpg\" alt width=\"978\" height=\"550\" srcset=\"https:\/\/gartner52.de\/page\/wp-content\/uploads\/2023\/11\/Essen.jpg 978w, https:\/\/gartner52.de\/page\/wp-content\/uploads\/2023\/11\/Essen-300x169.jpg 300w, https:\/\/gartner52.de\/page\/wp-content\/uploads\/2023\/11\/Essen-768x432.jpg 768w\" sizes=\"auto, (max-width: 978px) 100vw, 978px\"><br>\nF\u00fcr n\u00e4chstes Jahr haben wir beschlossen \u00fcber die Osterfeiertage wieder hier her zu kommen.<br>\nDer Campingplatz hat verschieden gro\u00dfe Stellpl\u00e4tze, wir haben mal die ganz gro\u00dfen reserviert.<br>\n<img loading=\"lazy\" decoding=\"async\" class=\"alignnone size-full wp-image-7704\" src=\"https:\/\/gartner52.de\/page\/wp-content\/uploads\/2023\/11\/Stellplatz-gross.jpg\" alt width=\"978\" height=\"550\" srcset=\"https:\/\/gartner52.de\/page\/wp-content\/uploads\/2023\/11\/Stellplatz-gross.jpg 978w, https:\/\/gartner52.de\/page\/wp-content\/uploads\/2023\/11\/Stellplatz-gross-300x169.jpg 300w, https:\/\/gartner52.de\/page\/wp-content\/uploads\/2023\/11\/Stellplatz-gross-768x432.jpg 768w\" sizes=\"auto, (max-width: 978px) 100vw, 978px\"><\/span><\/p>\n<p>Schnell waren die 5 Tage wieder um, der Campingplatz schlie\u00dft und wir mussten leider nach Hause fahren.<br>\n<img loading=\"lazy\" decoding=\"async\" class=\"alignnone size-large wp-image-7728\" src=\"https:\/\/gartner52.de\/page\/wp-content\/uploads\/2023\/11\/Gute-Fahrt-1024x576.jpg\" alt width=\"1024\" height=\"576\" srcset=\"https:\/\/gartner52.de\/page\/wp-content\/uploads\/2023\/11\/Gute-Fahrt-1024x576.jpg 1024w, https:\/\/gartner52.de\/page\/wp-content\/uploads\/2023\/11\/Gute-Fahrt-300x169.jpg 300w, https:\/\/gartner52.de\/page\/wp-content\/uploads\/2023\/11\/Gute-Fahrt-768x432.jpg 768w, https:\/\/gartner52.de\/page\/wp-content\/uploads\/2023\/11\/Gute-Fahrt.jpg 1067w\" sizes=\"auto, (max-width: 1024px) 100vw, 1024px\"><\/p>\n<p>&nbsp;<\/p>\n<p><strong><span style=\"color: #3366ff;\">Zusammenfassung:<\/span><\/strong><\/p>\n<p><span style=\"color: #3366ff;\">Der Campingplatz hat uns sehr gut gefallen, die Anmeldung ging schnell und die Damen waren sehr freundlich und hilfsbereit.<\/span><br>\n<span style=\"color: #3366ff;\">Die Stellpl\u00e4tze sind sehr sch\u00f6n, alle ganz eben der Wohnwagen steht sofort gerade. Es ist alles vorhanden was man braucht.<\/span><br>\n<span style=\"color: #3366ff;\">Einen Br\u00f6tchenservice gibt es auch, die ganze Ware ist von einer B\u00e4ckerei in Ettenheim und schmeckt sehr gut.<\/span><br>\n<span style=\"color: #3366ff;\">Leider hat das Bistro nur morgens und am Abend ge\u00f6ffnet.<\/span><\/p>\n<p>&nbsp;<\/p>\n<p style=\"text-align: center;\">\n<\/p>","protected":false},"excerpt":{"rendered":"<p>Unsere Abschlussfahrt 2023 zum Camping Oase bei Ettenheim F\u00fcr unseren letzten Campingaufenthalt 2023 wollten wir nicht so weit fahren. Wir suchten einen Campingplatz irgendwo in der Rheinebene, unser Sohn machte den Vorschlag nach Ettenheim zum Camping Oase zu fahren. Eine \u2026 <a href=\"https:\/\/gartner52.de\/page\/2023-ettenheim\/\">Weiter<\/a><\/p>\n","protected":false},"author":4,"featured_media":0,"parent":0,"menu_order":0,"comment_status":"closed","ping_status":"closed","template":"","meta":{"wp_typography_post_enhancements_disabled":false,"kt_blocks_editor_width":"","footnotes":""},"class_list":["post-7537","page","type-page","status-publish","hentry"],"_links":{"self":[{"href":"https:\/\/gartner52.de\/page\/wp-json\/wp\/v2\/pages\/7537","targetHints":{"allow":["GET"]}}],"collection":[{"href":"https:\/\/gartner52.de\/page\/wp-json\/wp\/v2\/pages"}],"about":[{"href":"https:\/\/gartner52.de\/page\/wp-json\/wp\/v2\/types\/page"}],"author":[{"embeddable":true,"href":"https:\/\/gartner52.de\/page\/wp-json\/wp\/v2\/users\/4"}],"replies":[{"embeddable":true,"href":"https:\/\/gartner52.de\/page\/wp-json\/wp\/v2\/comments?post=7537"}],"version-history":[{"count":20,"href":"https:\/\/gartner52.de\/page\/wp-json\/wp\/v2\/pages\/7537\/revisions"}],"predecessor-version":[{"id":7737,"href":"https:\/\/gartner52.de\/page\/wp-json\/wp\/v2\/pages\/7537\/revisions\/7737"}],"wp:attachment":[{"href":"https:\/\/gartner52.de\/page\/wp-json\/wp\/v2\/media?parent=7537"}],"curies":[{"name":"wp","href":"https:\/\/api.w.org\/{rel}","templated":true}]}}