{"id":5499,"date":"2018-05-09T20:42:35","date_gmt":"2018-05-09T18:42:35","guid":{"rendered":"http:\/\/gartner52.de\/page\/?page_id=5499"},"modified":"2018-07-18T21:54:29","modified_gmt":"2018-07-18T19:54:29","slug":"2018-ostern-breitenauer-see","status":"publish","type":"page","link":"https:\/\/gartner52.de\/page\/2018-ostern-breitenauer-see\/","title":{"rendered":"2018 Ostern Breitenauer See"},"content":{"rendered":"<p style=\"text-align: center;\"><span style=\"color: #3366ff; font-size: 18pt;\"><span style=\"font-family: arial, helvetica, sans-serif;\"><strong><em><span style=\"font-family: comic\\ sans\\ ms, sans-serif;\">Unsere erste Ausfahrt im Jahr 2018 mit dem neuen Wohnwagen<\/span><\/em><\/strong><br>\n<strong><em><span style=\"font-family: comic\\ sans\\ ms, sans-serif;\"><br>\nWieder einmal an den Breitenauer See bei L\u00f6wenstein<\/span><\/em><\/strong><br>\n<strong><em><span style=\"font-family: comic\\ sans\\ ms, sans-serif;\"> in der N\u00e4he von Heilbronn<\/span><\/em><\/strong><br>\n<\/span><\/span><\/p>\n<p style=\"text-align: center;\">Wir haben \u00fcber die Wintermonate f\u00fcr unseren neuen Wohnwagen ein Markisenzelt angeschafft und wollten dieses am Osterwochenende einmal ausprobieren.<br>\nEs l\u00e4sst sich leicht aufbauen da es an der Markise in&nbsp; Kederschienen befestigt wird. Es steht sehr stabil, wie ein normales Vorzelt.<br>\nDas Wetter war nicht schlecht, nur an einem Tag mussten wir im Zelt fr\u00fchst\u00fccken da es etwas regnete<br>\nund auch ein wenig k\u00e4lter war.<span style=\"font-size: 16pt; color: #3366ff; font-family: arial, helvetica, sans-serif;\">&nbsp;<img loading=\"lazy\" decoding=\"async\" class=\"size-full wp-image-5505 aligncenter\" src=\"https:\/\/gartner52.de\/page\/wp-content\/uploads\/2018\/05\/Plaetze.jpg\" alt width=\"800\" height=\"600\" srcset=\"https:\/\/gartner52.de\/page\/wp-content\/uploads\/2018\/05\/Plaetze.jpg 800w, https:\/\/gartner52.de\/page\/wp-content\/uploads\/2018\/05\/Plaetze-300x225.jpg 300w, https:\/\/gartner52.de\/page\/wp-content\/uploads\/2018\/05\/Plaetze-768x576.jpg 768w\" sizes=\"auto, (max-width: 800px) 100vw, 800px\"><\/span><\/p>\n<p style=\"text-align: center;\">\u00dcber diesen Campingplatz habe ich ja schon ein paar mal geschrieben,<br>\ndeshalb gibt es in dem Bericht nur wenig Text<\/p>\n<p style=\"text-align: center;\">Wir wanderten wieder einmal um den Campingplatz und sahen im unteren Teil diese Schlaff\u00e4sser.<\/p>\n<p style=\"text-align: center;\"><span style=\"font-size: 16pt; color: #3366ff; font-family: arial, helvetica, sans-serif;\"> <img loading=\"lazy\" decoding=\"async\" class=\"alignnone size-large wp-image-5506\" src=\"https:\/\/gartner52.de\/page\/wp-content\/uploads\/2018\/05\/Platz-1024x444.jpg\" alt width=\"1024\" height=\"444\" srcset=\"https:\/\/gartner52.de\/page\/wp-content\/uploads\/2018\/05\/Platz-1024x444.jpg 1024w, https:\/\/gartner52.de\/page\/wp-content\/uploads\/2018\/05\/Platz-300x130.jpg 300w, https:\/\/gartner52.de\/page\/wp-content\/uploads\/2018\/05\/Platz-768x333.jpg 768w, https:\/\/gartner52.de\/page\/wp-content\/uploads\/2018\/05\/Platz.jpg 1383w\" sizes=\"auto, (max-width: 1024px) 100vw, 1024px\"><\/span><\/p>\n<p style=\"text-align: center;\">Wer es mag, f\u00fcr den ist es bestimmt ein Erlebnis. F\u00fcr mich w\u00e4re es nichts.<\/p>\n<p style=\"text-align: center;\"><span style=\"font-size: 16pt; color: #3366ff; font-family: arial, helvetica, sans-serif;\"> <img loading=\"lazy\" decoding=\"async\" class=\"alignnone size-large wp-image-5507\" src=\"https:\/\/gartner52.de\/page\/wp-content\/uploads\/2018\/05\/Platz1-1024x578.jpg\" alt width=\"1024\" height=\"578\" srcset=\"https:\/\/gartner52.de\/page\/wp-content\/uploads\/2018\/05\/Platz1-1024x578.jpg 1024w, https:\/\/gartner52.de\/page\/wp-content\/uploads\/2018\/05\/Platz1-300x169.jpg 300w, https:\/\/gartner52.de\/page\/wp-content\/uploads\/2018\/05\/Platz1-768x433.jpg 768w, https:\/\/gartner52.de\/page\/wp-content\/uploads\/2018\/05\/Platz1.jpg 1063w\" sizes=\"auto, (max-width: 1024px) 100vw, 1024px\"><\/span>Nachmittags Ruhe, auch die Wauzis machen mit.<\/p>\n<p style=\"text-align: center;\"><span style=\"font-size: 16pt; color: #3366ff; font-family: arial, helvetica, sans-serif;\"> <img loading=\"lazy\" decoding=\"async\" class=\"alignnone size-full wp-image-5508\" src=\"https:\/\/gartner52.de\/page\/wp-content\/uploads\/2018\/05\/Schlafen.jpg\" alt width=\"800\" height=\"600\" srcset=\"https:\/\/gartner52.de\/page\/wp-content\/uploads\/2018\/05\/Schlafen.jpg 800w, https:\/\/gartner52.de\/page\/wp-content\/uploads\/2018\/05\/Schlafen-300x225.jpg 300w, https:\/\/gartner52.de\/page\/wp-content\/uploads\/2018\/05\/Schlafen-768x576.jpg 768w\" sizes=\"auto, (max-width: 800px) 100vw, 800px\"><\/span><\/p>\n<p style=\"text-align: center;\">Aber nicht lange. \ud83d\ude00<\/p>\n<p style=\"text-align: center;\"><span style=\"font-size: 16pt; color: #3366ff; font-family: arial, helvetica, sans-serif;\"><img loading=\"lazy\" decoding=\"async\" class=\"alignnone size-full wp-image-5504\" src=\"https:\/\/gartner52.de\/page\/wp-content\/uploads\/2018\/05\/Hunde.jpg\" alt width=\"800\" height=\"600\" srcset=\"https:\/\/gartner52.de\/page\/wp-content\/uploads\/2018\/05\/Hunde.jpg 800w, https:\/\/gartner52.de\/page\/wp-content\/uploads\/2018\/05\/Hunde-300x225.jpg 300w, https:\/\/gartner52.de\/page\/wp-content\/uploads\/2018\/05\/Hunde-768x576.jpg 768w\" sizes=\"auto, (max-width: 800px) 100vw, 800px\">&nbsp;<\/span><span style=\"font-family: arial, helvetica, sans-serif;\">Der Spielplatz war gut besucht<\/span><\/p>\n<p style=\"text-align: center;\"><span style=\"font-size: 16pt; color: #3366ff; font-family: arial, helvetica, sans-serif;\"> <img loading=\"lazy\" decoding=\"async\" class=\"alignnone size-full wp-image-5510\" src=\"https:\/\/gartner52.de\/page\/wp-content\/uploads\/2018\/05\/Spielplatz.jpg\" alt width=\"800\" height=\"600\" srcset=\"https:\/\/gartner52.de\/page\/wp-content\/uploads\/2018\/05\/Spielplatz.jpg 800w, https:\/\/gartner52.de\/page\/wp-content\/uploads\/2018\/05\/Spielplatz-300x225.jpg 300w, https:\/\/gartner52.de\/page\/wp-content\/uploads\/2018\/05\/Spielplatz-768x576.jpg 768w\" sizes=\"auto, (max-width: 800px) 100vw, 800px\"><\/span>Am Ostersamstag wurden mit den Kindern viele Spiele gemacht,<br>\nauch die Erwachsenen kamen nicht zu kurz, es gab ausreichend zu Essen und zu Trinken.<\/p>\n<p style=\"text-align: center;\"><span style=\"font-size: 16pt; color: #3366ff; font-family: arial, helvetica, sans-serif;\"> <img loading=\"lazy\" decoding=\"async\" class=\"alignnone size-full wp-image-5511\" src=\"https:\/\/gartner52.de\/page\/wp-content\/uploads\/2018\/05\/Spielplatz1.jpg\" alt width=\"800\" height=\"600\" srcset=\"https:\/\/gartner52.de\/page\/wp-content\/uploads\/2018\/05\/Spielplatz1.jpg 800w, https:\/\/gartner52.de\/page\/wp-content\/uploads\/2018\/05\/Spielplatz1-300x225.jpg 300w, https:\/\/gartner52.de\/page\/wp-content\/uploads\/2018\/05\/Spielplatz1-768x576.jpg 768w\" sizes=\"auto, (max-width: 800px) 100vw, 800px\"><\/span><\/p>\n<p style=\"text-align: center;\">Wir fuhren auch wieder nach Willsbach zum Einkaufen und zum bummeln.<\/p>\n<p style=\"text-align: center;\"><span style=\"font-size: 16pt; color: #3366ff; font-family: arial, helvetica, sans-serif;\"> <img loading=\"lazy\" decoding=\"async\" class=\"alignnone size-full wp-image-5512\" src=\"https:\/\/gartner52.de\/page\/wp-content\/uploads\/2018\/05\/Willsbach.jpg\" alt width=\"931\" height=\"600\" srcset=\"https:\/\/gartner52.de\/page\/wp-content\/uploads\/2018\/05\/Willsbach.jpg 931w, https:\/\/gartner52.de\/page\/wp-content\/uploads\/2018\/05\/Willsbach-300x193.jpg 300w, https:\/\/gartner52.de\/page\/wp-content\/uploads\/2018\/05\/Willsbach-768x495.jpg 768w\" sizes=\"auto, (max-width: 931px) 100vw, 931px\"><\/span><\/p>\n<p><img loading=\"lazy\" decoding=\"async\" class=\"size-large wp-image-5509 aligncenter\" src=\"https:\/\/gartner52.de\/page\/wp-content\/uploads\/2018\/05\/Sonnenuntergang-1024x578.jpg\" alt width=\"1024\" height=\"578\" srcset=\"https:\/\/gartner52.de\/page\/wp-content\/uploads\/2018\/05\/Sonnenuntergang-1024x578.jpg 1024w, https:\/\/gartner52.de\/page\/wp-content\/uploads\/2018\/05\/Sonnenuntergang-300x169.jpg 300w, https:\/\/gartner52.de\/page\/wp-content\/uploads\/2018\/05\/Sonnenuntergang-768x433.jpg 768w, https:\/\/gartner52.de\/page\/wp-content\/uploads\/2018\/05\/Sonnenuntergang.jpg 1063w\" sizes=\"auto, (max-width: 1024px) 100vw, 1024px\"><\/p>\n<p style=\"text-align: center;\">Es war ein sch\u00f6nes Wochenende, das Wetter war ganz gut und wir hatten viel Spass.<\/p>\n<p style=\"text-align: center;\"><span style=\"font-size: 16pt; color: #3366ff; font-family: arial, helvetica, sans-serif;\"> <img loading=\"lazy\" decoding=\"async\" class=\"size-full wp-image-5513 aligncenter\" src=\"https:\/\/gartner52.de\/page\/wp-content\/uploads\/2018\/05\/Zelt.jpg\" alt width=\"800\" height=\"600\" srcset=\"https:\/\/gartner52.de\/page\/wp-content\/uploads\/2018\/05\/Zelt.jpg 800w, https:\/\/gartner52.de\/page\/wp-content\/uploads\/2018\/05\/Zelt-300x225.jpg 300w, https:\/\/gartner52.de\/page\/wp-content\/uploads\/2018\/05\/Zelt-768x576.jpg 768w\" sizes=\"auto, (max-width: 800px) 100vw, 800px\"><\/span><\/p>\n<p style=\"text-align: center;\">Mehr gibt es dieses mal nicht zu berichten.<\/p>\n<p>&nbsp;<\/p>\n<div style=\"text-align: center;\"><a href=\"https:\/\/gartner52.de\/page\/2018-2\/\"><span style=\"font-size: 12pt; color: #666699;\">zur\u00fcck zur \u00dcbersicht<\/span><\/a><\/div>\n","protected":false},"excerpt":{"rendered":"<p>Unsere erste Ausfahrt im Jahr 2018 mit dem neuen Wohnwagen Wieder einmal an den Breitenauer See bei L\u00f6wenstein in der N\u00e4he von Heilbronn Wir haben \u00fcber die Wintermonate f\u00fcr unseren neuen Wohnwagen ein Markisenzelt angeschafft und wollten dieses am Osterwochenende \u2026 <a href=\"https:\/\/gartner52.de\/page\/2018-ostern-breitenauer-see\/\">Weiter<\/a><\/p>\n","protected":false},"author":4,"featured_media":0,"parent":0,"menu_order":0,"comment_status":"closed","ping_status":"closed","template":"","meta":{"wp_typography_post_enhancements_disabled":false,"kt_blocks_editor_width":"","footnotes":""},"class_list":["post-5499","page","type-page","status-publish","hentry"],"_links":{"self":[{"href":"https:\/\/gartner52.de\/page\/wp-json\/wp\/v2\/pages\/5499","targetHints":{"allow":["GET"]}}],"collection":[{"href":"https:\/\/gartner52.de\/page\/wp-json\/wp\/v2\/pages"}],"about":[{"href":"https:\/\/gartner52.de\/page\/wp-json\/wp\/v2\/types\/page"}],"author":[{"embeddable":true,"href":"https:\/\/gartner52.de\/page\/wp-json\/wp\/v2\/users\/4"}],"replies":[{"embeddable":true,"href":"https:\/\/gartner52.de\/page\/wp-json\/wp\/v2\/comments?post=5499"}],"version-history":[{"count":26,"href":"https:\/\/gartner52.de\/page\/wp-json\/wp\/v2\/pages\/5499\/revisions"}],"predecessor-version":[{"id":5612,"href":"https:\/\/gartner52.de\/page\/wp-json\/wp\/v2\/pages\/5499\/revisions\/5612"}],"wp:attachment":[{"href":"https:\/\/gartner52.de\/page\/wp-json\/wp\/v2\/media?parent=5499"}],"curies":[{"name":"wp","href":"https:\/\/api.w.org\/{rel}","templated":true}]}}