{"id":3348,"date":"2016-03-03T11:00:57","date_gmt":"2016-03-03T10:00:57","guid":{"rendered":"http:\/\/gartner52.de\/page\/?page_id=3348"},"modified":"2016-12-18T14:28:08","modified_gmt":"2016-12-18T13:28:08","slug":"breitenauer-see-herbst2010","status":"publish","type":"page","link":"https:\/\/gartner52.de\/page\/breitenauer-see-herbst2010\/","title":{"rendered":"2010 Breitenauer See \u2013 Herbst"},"content":{"rendered":"<h2 style=\"text-align: center;\"><span style=\"color: #3366ff;\">Kleiner Bildbericht<br>\nAbschlussfahrt 2010 zum Breitenauer See<\/span><\/h2>\n<h5 style=\"text-align: center;\"><span style=\"color: #008000; font-family: arial,helvetica,sans-serif; font-size: 14pt;\">vom 28.10. bis 01.11.2010<\/span><\/h5>\n<p>&nbsp;<\/p>\n<p><span style=\"font-family: arial,helvetica,sans-serif; font-size: 12pt;\">Unsere Jahres Abschlussfahrt sollte wieder an den Breitenauer See bei L\u00f6wenstein gehen.<\/span><\/p>\n<p><span style=\"font-family: arial,helvetica,sans-serif; font-size: 12pt;\">Sonnenaufgang in L\u00f6wenstein<\/span><br>\n<img loading=\"lazy\" decoding=\"async\" class=\"alignnone size-full wp-image-3351\" src=\"https:\/\/gartner52.de\/page\/wp-content\/uploads\/2016\/03\/2010Breitenau02-1.jpg\" alt=\"2010Breitenau02\" width=\"800\" height=\"533\" srcset=\"https:\/\/gartner52.de\/page\/wp-content\/uploads\/2016\/03\/2010Breitenau02-1.jpg 800w, https:\/\/gartner52.de\/page\/wp-content\/uploads\/2016\/03\/2010Breitenau02-1-300x200.jpg 300w, https:\/\/gartner52.de\/page\/wp-content\/uploads\/2016\/03\/2010Breitenau02-1-768x512.jpg 768w\" sizes=\"auto, (max-width: 800px) 100vw, 800px\"><span style=\"font-family: arial,helvetica,sans-serif; font-size: 12pt;\">Freitag morgen, da war es schon ganz sch\u00f6n kalt.<\/span><br>\n<img loading=\"lazy\" decoding=\"async\" class=\"alignnone size-full wp-image-3353\" src=\"https:\/\/gartner52.de\/page\/wp-content\/uploads\/2016\/03\/2010Breitenau04-1.jpg\" alt=\"2010Breitenau04\" width=\"800\" height=\"533\" srcset=\"https:\/\/gartner52.de\/page\/wp-content\/uploads\/2016\/03\/2010Breitenau04-1.jpg 800w, https:\/\/gartner52.de\/page\/wp-content\/uploads\/2016\/03\/2010Breitenau04-1-300x200.jpg 300w, https:\/\/gartner52.de\/page\/wp-content\/uploads\/2016\/03\/2010Breitenau04-1-768x512.jpg 768w\" sizes=\"auto, (max-width: 800px) 100vw, 800px\"><img loading=\"lazy\" decoding=\"async\" class=\"alignnone size-full wp-image-3355\" src=\"https:\/\/gartner52.de\/page\/wp-content\/uploads\/2016\/03\/2010Breitenau06-1.jpg\" alt=\"2010Breitenau06\" width=\"800\" height=\"533\" srcset=\"https:\/\/gartner52.de\/page\/wp-content\/uploads\/2016\/03\/2010Breitenau06-1.jpg 800w, https:\/\/gartner52.de\/page\/wp-content\/uploads\/2016\/03\/2010Breitenau06-1-300x200.jpg 300w, https:\/\/gartner52.de\/page\/wp-content\/uploads\/2016\/03\/2010Breitenau06-1-768x512.jpg 768w\" sizes=\"auto, (max-width: 800px) 100vw, 800px\"><span style=\"font-family: arial,helvetica,sans-serif; font-size: 12pt;\">Eine Karte vom Naherholungsgebiet Breitenauer See.<\/span><br>\n<img loading=\"lazy\" decoding=\"async\" class=\"alignnone size-full wp-image-3359\" src=\"https:\/\/gartner52.de\/page\/wp-content\/uploads\/2016\/03\/2010Breitenau10-1.jpg\" alt=\"2010Breitenau10\" width=\"800\" height=\"533\" srcset=\"https:\/\/gartner52.de\/page\/wp-content\/uploads\/2016\/03\/2010Breitenau10-1.jpg 800w, https:\/\/gartner52.de\/page\/wp-content\/uploads\/2016\/03\/2010Breitenau10-1-300x200.jpg 300w, https:\/\/gartner52.de\/page\/wp-content\/uploads\/2016\/03\/2010Breitenau10-1-768x512.jpg 768w\" sizes=\"auto, (max-width: 800px) 100vw, 800px\"><img loading=\"lazy\" decoding=\"async\" class=\"alignnone size-full wp-image-3356\" src=\"https:\/\/gartner52.de\/page\/wp-content\/uploads\/2016\/03\/2010Breitenau07-1.jpg\" alt=\"2010Breitenau07\" width=\"800\" height=\"533\" srcset=\"https:\/\/gartner52.de\/page\/wp-content\/uploads\/2016\/03\/2010Breitenau07-1.jpg 800w, https:\/\/gartner52.de\/page\/wp-content\/uploads\/2016\/03\/2010Breitenau07-1-300x200.jpg 300w, https:\/\/gartner52.de\/page\/wp-content\/uploads\/2016\/03\/2010Breitenau07-1-768x512.jpg 768w\" sizes=\"auto, (max-width: 800px) 100vw, 800px\"><span style=\"font-family: arial,helvetica,sans-serif; font-size: 12pt;\">Hier kann man wirklich sagen: <\/span><u><span style=\"font-family: arial,helvetica,sans-serif; font-size: 12pt;\">Still ruht der See<\/span><br>\n<img loading=\"lazy\" decoding=\"async\" class=\"alignnone size-full wp-image-3357\" src=\"https:\/\/gartner52.de\/page\/wp-content\/uploads\/2016\/03\/2010Breitenau08-1.jpg\" alt=\"2010Breitenau08\" width=\"800\" height=\"533\" srcset=\"https:\/\/gartner52.de\/page\/wp-content\/uploads\/2016\/03\/2010Breitenau08-1.jpg 800w, https:\/\/gartner52.de\/page\/wp-content\/uploads\/2016\/03\/2010Breitenau08-1-300x200.jpg 300w, https:\/\/gartner52.de\/page\/wp-content\/uploads\/2016\/03\/2010Breitenau08-1-768x512.jpg 768w\" sizes=\"auto, (max-width: 800px) 100vw, 800px\"><img loading=\"lazy\" decoding=\"async\" class=\"alignnone size-full wp-image-3358\" src=\"https:\/\/gartner52.de\/page\/wp-content\/uploads\/2016\/03\/2010Breitenau09-1.jpg\" alt=\"2010Breitenau09\" width=\"800\" height=\"533\" srcset=\"https:\/\/gartner52.de\/page\/wp-content\/uploads\/2016\/03\/2010Breitenau09-1.jpg 800w, https:\/\/gartner52.de\/page\/wp-content\/uploads\/2016\/03\/2010Breitenau09-1-300x200.jpg 300w, https:\/\/gartner52.de\/page\/wp-content\/uploads\/2016\/03\/2010Breitenau09-1-768x512.jpg 768w\" sizes=\"auto, (max-width: 800px) 100vw, 800px\"><\/u><span style=\"font-family: arial,helvetica,sans-serif; font-size: 12pt;\">Der Herbst kann sehr sch\u00f6n sein<\/span><\/p>\n<p><u><img loading=\"lazy\" decoding=\"async\" class=\"alignnone size-full wp-image-3360\" src=\"https:\/\/gartner52.de\/page\/wp-content\/uploads\/2016\/03\/2010Breitenau11-1.jpg\" alt=\"2010Breitenau11\" width=\"800\" height=\"533\" srcset=\"https:\/\/gartner52.de\/page\/wp-content\/uploads\/2016\/03\/2010Breitenau11-1.jpg 800w, https:\/\/gartner52.de\/page\/wp-content\/uploads\/2016\/03\/2010Breitenau11-1-300x200.jpg 300w, https:\/\/gartner52.de\/page\/wp-content\/uploads\/2016\/03\/2010Breitenau11-1-768x512.jpg 768w\" sizes=\"auto, (max-width: 800px) 100vw, 800px\"><img loading=\"lazy\" decoding=\"async\" class=\"alignnone size-full wp-image-3361\" src=\"https:\/\/gartner52.de\/page\/wp-content\/uploads\/2016\/03\/2010Breitenau12-1.jpg\" alt=\"2010Breitenau12\" width=\"800\" height=\"533\" srcset=\"https:\/\/gartner52.de\/page\/wp-content\/uploads\/2016\/03\/2010Breitenau12-1.jpg 800w, https:\/\/gartner52.de\/page\/wp-content\/uploads\/2016\/03\/2010Breitenau12-1-300x200.jpg 300w, https:\/\/gartner52.de\/page\/wp-content\/uploads\/2016\/03\/2010Breitenau12-1-768x512.jpg 768w\" sizes=\"auto, (max-width: 800px) 100vw, 800px\"><img loading=\"lazy\" decoding=\"async\" class=\"alignnone size-full wp-image-3363\" src=\"https:\/\/gartner52.de\/page\/wp-content\/uploads\/2016\/03\/2010Breitenau14-1.jpg\" alt=\"2010Breitenau14\" width=\"800\" height=\"533\" srcset=\"https:\/\/gartner52.de\/page\/wp-content\/uploads\/2016\/03\/2010Breitenau14-1.jpg 800w, https:\/\/gartner52.de\/page\/wp-content\/uploads\/2016\/03\/2010Breitenau14-1-300x200.jpg 300w, https:\/\/gartner52.de\/page\/wp-content\/uploads\/2016\/03\/2010Breitenau14-1-768x512.jpg 768w\" sizes=\"auto, (max-width: 800px) 100vw, 800px\"><img loading=\"lazy\" decoding=\"async\" class=\"alignnone size-full wp-image-3364\" src=\"https:\/\/gartner52.de\/page\/wp-content\/uploads\/2016\/03\/2010Breitenau15-1.jpg\" alt=\"2010Breitenau15\" width=\"800\" height=\"533\" srcset=\"https:\/\/gartner52.de\/page\/wp-content\/uploads\/2016\/03\/2010Breitenau15-1.jpg 800w, https:\/\/gartner52.de\/page\/wp-content\/uploads\/2016\/03\/2010Breitenau15-1-300x200.jpg 300w, https:\/\/gartner52.de\/page\/wp-content\/uploads\/2016\/03\/2010Breitenau15-1-768x512.jpg 768w\" sizes=\"auto, (max-width: 800px) 100vw, 800px\"><img loading=\"lazy\" decoding=\"async\" class=\"alignnone size-full wp-image-3367\" src=\"https:\/\/gartner52.de\/page\/wp-content\/uploads\/2016\/03\/2010Breitenau18-1.jpg\" alt=\"2010Breitenau18\" width=\"800\" height=\"533\" srcset=\"https:\/\/gartner52.de\/page\/wp-content\/uploads\/2016\/03\/2010Breitenau18-1.jpg 800w, https:\/\/gartner52.de\/page\/wp-content\/uploads\/2016\/03\/2010Breitenau18-1-300x200.jpg 300w, https:\/\/gartner52.de\/page\/wp-content\/uploads\/2016\/03\/2010Breitenau18-1-768x512.jpg 768w\" sizes=\"auto, (max-width: 800px) 100vw, 800px\"><img loading=\"lazy\" decoding=\"async\" class=\"alignnone size-full wp-image-3369\" src=\"https:\/\/gartner52.de\/page\/wp-content\/uploads\/2016\/03\/2010Breitenau20-1.jpg\" alt=\"2010Breitenau20\" width=\"800\" height=\"533\" srcset=\"https:\/\/gartner52.de\/page\/wp-content\/uploads\/2016\/03\/2010Breitenau20-1.jpg 800w, https:\/\/gartner52.de\/page\/wp-content\/uploads\/2016\/03\/2010Breitenau20-1-300x200.jpg 300w, https:\/\/gartner52.de\/page\/wp-content\/uploads\/2016\/03\/2010Breitenau20-1-768x512.jpg 768w\" sizes=\"auto, (max-width: 800px) 100vw, 800px\"><\/u><span style=\"font-family: arial,helvetica,sans-serif; font-size: 12pt;\">warum es wohl Treppen gibt?<\/span><img loading=\"lazy\" decoding=\"async\" class=\"alignnone size-full wp-image-3373\" src=\"https:\/\/gartner52.de\/page\/wp-content\/uploads\/2016\/03\/2010Breitenau24-1.jpg\" alt=\"2010Breitenau24\" width=\"800\" height=\"533\" srcset=\"https:\/\/gartner52.de\/page\/wp-content\/uploads\/2016\/03\/2010Breitenau24-1.jpg 800w, https:\/\/gartner52.de\/page\/wp-content\/uploads\/2016\/03\/2010Breitenau24-1-300x200.jpg 300w, https:\/\/gartner52.de\/page\/wp-content\/uploads\/2016\/03\/2010Breitenau24-1-768x512.jpg 768w\" sizes=\"auto, (max-width: 800px) 100vw, 800px\"><img loading=\"lazy\" decoding=\"async\" class=\"alignnone size-full wp-image-3374\" src=\"https:\/\/gartner52.de\/page\/wp-content\/uploads\/2016\/03\/2010Breitenau25-1.jpg\" alt=\"2010Breitenau25\" width=\"800\" height=\"533\" srcset=\"https:\/\/gartner52.de\/page\/wp-content\/uploads\/2016\/03\/2010Breitenau25-1.jpg 800w, https:\/\/gartner52.de\/page\/wp-content\/uploads\/2016\/03\/2010Breitenau25-1-300x200.jpg 300w, https:\/\/gartner52.de\/page\/wp-content\/uploads\/2016\/03\/2010Breitenau25-1-768x512.jpg 768w\" sizes=\"auto, (max-width: 800px) 100vw, 800px\"><img loading=\"lazy\" decoding=\"async\" class=\"alignnone size-full wp-image-3375\" src=\"https:\/\/gartner52.de\/page\/wp-content\/uploads\/2016\/03\/2010Breitenau26-1.jpg\" alt=\"2010Breitenau26\" width=\"800\" height=\"533\" srcset=\"https:\/\/gartner52.de\/page\/wp-content\/uploads\/2016\/03\/2010Breitenau26-1.jpg 800w, https:\/\/gartner52.de\/page\/wp-content\/uploads\/2016\/03\/2010Breitenau26-1-300x200.jpg 300w, https:\/\/gartner52.de\/page\/wp-content\/uploads\/2016\/03\/2010Breitenau26-1-768x512.jpg 768w\" sizes=\"auto, (max-width: 800px) 100vw, 800px\"><span style=\"font-family: arial,helvetica,sans-serif; font-size: 12pt;\">Am See hat es viele Wild Enten<\/span><img loading=\"lazy\" decoding=\"async\" class=\"alignnone size-full wp-image-3378\" src=\"https:\/\/gartner52.de\/page\/wp-content\/uploads\/2016\/03\/2010Breitenau29-1.jpg\" alt=\"2010Breitenau29\" width=\"800\" height=\"533\" srcset=\"https:\/\/gartner52.de\/page\/wp-content\/uploads\/2016\/03\/2010Breitenau29-1.jpg 800w, https:\/\/gartner52.de\/page\/wp-content\/uploads\/2016\/03\/2010Breitenau29-1-300x200.jpg 300w, https:\/\/gartner52.de\/page\/wp-content\/uploads\/2016\/03\/2010Breitenau29-1-768x512.jpg 768w\" sizes=\"auto, (max-width: 800px) 100vw, 800px\"><img loading=\"lazy\" decoding=\"async\" class=\"alignnone size-full wp-image-3377\" src=\"https:\/\/gartner52.de\/page\/wp-content\/uploads\/2016\/03\/2010Breitenau28-1.jpg\" alt=\"2010Breitenau28\" width=\"800\" height=\"533\" srcset=\"https:\/\/gartner52.de\/page\/wp-content\/uploads\/2016\/03\/2010Breitenau28-1.jpg 800w, https:\/\/gartner52.de\/page\/wp-content\/uploads\/2016\/03\/2010Breitenau28-1-300x200.jpg 300w, https:\/\/gartner52.de\/page\/wp-content\/uploads\/2016\/03\/2010Breitenau28-1-768x512.jpg 768w\" sizes=\"auto, (max-width: 800px) 100vw, 800px\"><img loading=\"lazy\" decoding=\"async\" class=\"alignnone size-full wp-image-3371\" src=\"https:\/\/gartner52.de\/page\/wp-content\/uploads\/2016\/03\/2010Breitenau22-1.jpg\" alt=\"2010Breitenau22\" width=\"800\" height=\"533\" srcset=\"https:\/\/gartner52.de\/page\/wp-content\/uploads\/2016\/03\/2010Breitenau22-1.jpg 800w, https:\/\/gartner52.de\/page\/wp-content\/uploads\/2016\/03\/2010Breitenau22-1-300x200.jpg 300w, https:\/\/gartner52.de\/page\/wp-content\/uploads\/2016\/03\/2010Breitenau22-1-768x512.jpg 768w\" sizes=\"auto, (max-width: 800px) 100vw, 800px\"><span style=\"font-family: arial,helvetica,sans-serif; font-size: 12pt;\">Heute war das Wasser zu kalt um darin herum zu planschen.<\/span><\/p>\n<p><img loading=\"lazy\" decoding=\"async\" class=\"alignnone size-full wp-image-3379\" src=\"https:\/\/gartner52.de\/page\/wp-content\/uploads\/2016\/03\/2010Breitenau30-1.jpg\" alt=\"2010Breitenau30\" width=\"800\" height=\"533\" srcset=\"https:\/\/gartner52.de\/page\/wp-content\/uploads\/2016\/03\/2010Breitenau30-1.jpg 800w, https:\/\/gartner52.de\/page\/wp-content\/uploads\/2016\/03\/2010Breitenau30-1-300x200.jpg 300w, https:\/\/gartner52.de\/page\/wp-content\/uploads\/2016\/03\/2010Breitenau30-1-768x512.jpg 768w\" sizes=\"auto, (max-width: 800px) 100vw, 800px\"><img loading=\"lazy\" decoding=\"async\" class=\"alignnone size-full wp-image-3365\" src=\"https:\/\/gartner52.de\/page\/wp-content\/uploads\/2016\/03\/2010Breitenau16-1.jpg\" alt=\"2010Breitenau16\" width=\"800\" height=\"531\" srcset=\"https:\/\/gartner52.de\/page\/wp-content\/uploads\/2016\/03\/2010Breitenau16-1.jpg 800w, https:\/\/gartner52.de\/page\/wp-content\/uploads\/2016\/03\/2010Breitenau16-1-300x199.jpg 300w, https:\/\/gartner52.de\/page\/wp-content\/uploads\/2016\/03\/2010Breitenau16-1-768x510.jpg 768w\" sizes=\"auto, (max-width: 800px) 100vw, 800px\"><img loading=\"lazy\" decoding=\"async\" class=\"alignnone size-full wp-image-3380\" src=\"https:\/\/gartner52.de\/page\/wp-content\/uploads\/2016\/03\/2010Breitenau31-1.jpg\" alt=\"2010Breitenau31\" width=\"800\" height=\"533\" srcset=\"https:\/\/gartner52.de\/page\/wp-content\/uploads\/2016\/03\/2010Breitenau31-1.jpg 800w, https:\/\/gartner52.de\/page\/wp-content\/uploads\/2016\/03\/2010Breitenau31-1-300x200.jpg 300w, https:\/\/gartner52.de\/page\/wp-content\/uploads\/2016\/03\/2010Breitenau31-1-768x512.jpg 768w\" sizes=\"auto, (max-width: 800px) 100vw, 800px\"><span style=\"font-family: arial,helvetica,sans-serif; font-size: 12pt;\">Aber zum spielen war es ganz ok.<\/span><img loading=\"lazy\" decoding=\"async\" class=\"alignnone size-full wp-image-3381\" src=\"https:\/\/gartner52.de\/page\/wp-content\/uploads\/2016\/03\/2010Breitenau032a.jpg\" alt=\"2010Breitenau032a\" width=\"800\" height=\"533\" srcset=\"https:\/\/gartner52.de\/page\/wp-content\/uploads\/2016\/03\/2010Breitenau032a.jpg 800w, https:\/\/gartner52.de\/page\/wp-content\/uploads\/2016\/03\/2010Breitenau032a-300x200.jpg 300w, https:\/\/gartner52.de\/page\/wp-content\/uploads\/2016\/03\/2010Breitenau032a-768x512.jpg 768w\" sizes=\"auto, (max-width: 800px) 100vw, 800px\"><img loading=\"lazy\" decoding=\"async\" class=\"alignnone size-full wp-image-3383\" src=\"https:\/\/gartner52.de\/page\/wp-content\/uploads\/2016\/03\/2010Breitenau33.jpg\" alt=\"2010Breitenau33\" width=\"800\" height=\"533\" srcset=\"https:\/\/gartner52.de\/page\/wp-content\/uploads\/2016\/03\/2010Breitenau33.jpg 800w, https:\/\/gartner52.de\/page\/wp-content\/uploads\/2016\/03\/2010Breitenau33-300x200.jpg 300w, https:\/\/gartner52.de\/page\/wp-content\/uploads\/2016\/03\/2010Breitenau33-768x512.jpg 768w\" sizes=\"auto, (max-width: 800px) 100vw, 800px\"><img loading=\"lazy\" decoding=\"async\" class=\"alignnone size-full wp-image-3384\" src=\"https:\/\/gartner52.de\/page\/wp-content\/uploads\/2016\/03\/2010Breitenau34.jpg\" alt=\"2010Breitenau34\" width=\"800\" height=\"533\" srcset=\"https:\/\/gartner52.de\/page\/wp-content\/uploads\/2016\/03\/2010Breitenau34.jpg 800w, https:\/\/gartner52.de\/page\/wp-content\/uploads\/2016\/03\/2010Breitenau34-300x200.jpg 300w, https:\/\/gartner52.de\/page\/wp-content\/uploads\/2016\/03\/2010Breitenau34-768x512.jpg 768w\" sizes=\"auto, (max-width: 800px) 100vw, 800px\"><span style=\"font-family: arial,helvetica,sans-serif; font-size: 12pt;\">Und der Opa hat alles \u00fcberwacht.<\/span><img loading=\"lazy\" decoding=\"async\" class=\"alignnone size-full wp-image-3385\" src=\"https:\/\/gartner52.de\/page\/wp-content\/uploads\/2016\/03\/2010Breitenau35.jpg\" alt=\"2010Breitenau35\" width=\"800\" height=\"533\" srcset=\"https:\/\/gartner52.de\/page\/wp-content\/uploads\/2016\/03\/2010Breitenau35.jpg 800w, https:\/\/gartner52.de\/page\/wp-content\/uploads\/2016\/03\/2010Breitenau35-300x200.jpg 300w, https:\/\/gartner52.de\/page\/wp-content\/uploads\/2016\/03\/2010Breitenau35-768x512.jpg 768w\" sizes=\"auto, (max-width: 800px) 100vw, 800px\"><span style=\"font-family: arial,helvetica,sans-serif; font-size: 12pt;\">Eins von f\u00fcnf Ferienh\u00e4usern auf dem Campingplatz<\/span><br>\n<img loading=\"lazy\" decoding=\"async\" class=\"alignnone size-full wp-image-3386\" src=\"https:\/\/gartner52.de\/page\/wp-content\/uploads\/2016\/03\/2010Breitenau36.jpg\" alt=\"2010Breitenau36\" width=\"800\" height=\"533\" srcset=\"https:\/\/gartner52.de\/page\/wp-content\/uploads\/2016\/03\/2010Breitenau36.jpg 800w, https:\/\/gartner52.de\/page\/wp-content\/uploads\/2016\/03\/2010Breitenau36-300x200.jpg 300w, https:\/\/gartner52.de\/page\/wp-content\/uploads\/2016\/03\/2010Breitenau36-768x512.jpg 768w\" sizes=\"auto, (max-width: 800px) 100vw, 800px\"><span style=\"font-family: arial,helvetica,sans-serif; font-size: 12pt;\">Die B\u00e4ume sahen sehr sch\u00f6n aus.<\/span><img loading=\"lazy\" decoding=\"async\" class=\"alignnone size-full wp-image-3388\" src=\"https:\/\/gartner52.de\/page\/wp-content\/uploads\/2016\/03\/2010Breitenau38.jpg\" alt=\"2010Breitenau38\" width=\"800\" height=\"533\" srcset=\"https:\/\/gartner52.de\/page\/wp-content\/uploads\/2016\/03\/2010Breitenau38.jpg 800w, https:\/\/gartner52.de\/page\/wp-content\/uploads\/2016\/03\/2010Breitenau38-300x200.jpg 300w, https:\/\/gartner52.de\/page\/wp-content\/uploads\/2016\/03\/2010Breitenau38-768x512.jpg 768w\" sizes=\"auto, (max-width: 800px) 100vw, 800px\"><img loading=\"lazy\" decoding=\"async\" class=\"alignnone size-full wp-image-3389\" src=\"https:\/\/gartner52.de\/page\/wp-content\/uploads\/2016\/03\/2010Breitenau40.jpg\" alt=\"2010Breitenau40\" width=\"800\" height=\"533\" srcset=\"https:\/\/gartner52.de\/page\/wp-content\/uploads\/2016\/03\/2010Breitenau40.jpg 800w, https:\/\/gartner52.de\/page\/wp-content\/uploads\/2016\/03\/2010Breitenau40-300x200.jpg 300w, https:\/\/gartner52.de\/page\/wp-content\/uploads\/2016\/03\/2010Breitenau40-768x512.jpg 768w\" sizes=\"auto, (max-width: 800px) 100vw, 800px\"><span style=\"font-family: arial,helvetica,sans-serif; font-size: 12pt;\">was er wohl beobachtet ?<\/span><img loading=\"lazy\" decoding=\"async\" class=\"alignnone size-full wp-image-3391\" src=\"https:\/\/gartner52.de\/page\/wp-content\/uploads\/2016\/03\/2010Breitenau42.jpg\" alt=\"2010Breitenau42\" width=\"800\" height=\"533\" srcset=\"https:\/\/gartner52.de\/page\/wp-content\/uploads\/2016\/03\/2010Breitenau42.jpg 800w, https:\/\/gartner52.de\/page\/wp-content\/uploads\/2016\/03\/2010Breitenau42-300x200.jpg 300w, https:\/\/gartner52.de\/page\/wp-content\/uploads\/2016\/03\/2010Breitenau42-768x512.jpg 768w\" sizes=\"auto, (max-width: 800px) 100vw, 800px\"><img loading=\"lazy\" decoding=\"async\" class=\"alignnone size-full wp-image-3392\" src=\"https:\/\/gartner52.de\/page\/wp-content\/uploads\/2016\/03\/2010Breitenau43.jpg\" alt=\"2010Breitenau43\" width=\"800\" height=\"533\" srcset=\"https:\/\/gartner52.de\/page\/wp-content\/uploads\/2016\/03\/2010Breitenau43.jpg 800w, https:\/\/gartner52.de\/page\/wp-content\/uploads\/2016\/03\/2010Breitenau43-300x200.jpg 300w, https:\/\/gartner52.de\/page\/wp-content\/uploads\/2016\/03\/2010Breitenau43-768x512.jpg 768w\" sizes=\"auto, (max-width: 800px) 100vw, 800px\"><span style=\"font-family: arial,helvetica,sans-serif; font-size: 12pt;\">Die letzte Sonne genie\u00dfen<\/span><img loading=\"lazy\" decoding=\"async\" class=\"alignnone size-full wp-image-3394\" src=\"https:\/\/gartner52.de\/page\/wp-content\/uploads\/2016\/03\/2010Breitenau45.jpg\" alt=\"2010Breitenau45\" width=\"800\" height=\"533\" srcset=\"https:\/\/gartner52.de\/page\/wp-content\/uploads\/2016\/03\/2010Breitenau45.jpg 800w, https:\/\/gartner52.de\/page\/wp-content\/uploads\/2016\/03\/2010Breitenau45-300x200.jpg 300w, https:\/\/gartner52.de\/page\/wp-content\/uploads\/2016\/03\/2010Breitenau45-768x512.jpg 768w\" sizes=\"auto, (max-width: 800px) 100vw, 800px\"><img loading=\"lazy\" decoding=\"async\" class=\"alignnone size-full wp-image-3395\" src=\"https:\/\/gartner52.de\/page\/wp-content\/uploads\/2016\/03\/2010Breitenau46.jpg\" alt=\"2010Breitenau46\" width=\"800\" height=\"533\" srcset=\"https:\/\/gartner52.de\/page\/wp-content\/uploads\/2016\/03\/2010Breitenau46.jpg 800w, https:\/\/gartner52.de\/page\/wp-content\/uploads\/2016\/03\/2010Breitenau46-300x200.jpg 300w, https:\/\/gartner52.de\/page\/wp-content\/uploads\/2016\/03\/2010Breitenau46-768x512.jpg 768w\" sizes=\"auto, (max-width: 800px) 100vw, 800px\"><\/p>\n<p>&nbsp;<\/p>\n<p><span style=\"color: #3366ff;\"><span style=\"font-family: arial,helvetica,sans-serif; font-size: 12pt;\">Es war ein sch\u00f6nes Wochenende, super tolles Wetter f\u00fcr das letzte Oktober Wochenende. Ein echt gelungener Saisonabschluss. Nachts war es ganz sch\u00f6n kalt, aber Tags \u00fcber war es super sch\u00f6n. Wir wanderten am See entlang und beobachteten die Schw\u00e4ne und Enten. Die Kinder waren wieder den ganzen Tag auf dem gro\u00dfen Spielplatz unterwegs. Der Campingplatz ist echt toll, alles ist top in Ordnung und \u00fcberall ist sehr sauber.<\/span><br>\n<\/span><\/p>\n<p><span style=\"color: #3366ff;\">&nbsp;<\/span><\/p>\n<h5 style=\"text-align: center;\"><span style=\"color: #666699;\"><a style=\"color: #666699;\" href=\"https:\/\/gartner52.de\/page\/2010-2\/\">zur\u00fcck zur \u00dcbersicht 2010<\/a><\/span><\/h5>\n","protected":false},"excerpt":{"rendered":"<p>Kleiner Bildbericht Abschlussfahrt 2010 zum Breitenauer See vom 28.10. bis 01.11.2010 &nbsp; Unsere Jahres Abschlussfahrt sollte wieder an den Breitenauer See bei L\u00f6wenstein gehen. Sonnenaufgang in L\u00f6wenstein Freitag morgen, da war es schon ganz sch\u00f6n kalt. Eine Karte vom Naherholungsgebiet \u2026 <a href=\"https:\/\/gartner52.de\/page\/breitenauer-see-herbst2010\/\">Weiter<\/a><\/p>\n","protected":false},"author":4,"featured_media":0,"parent":0,"menu_order":0,"comment_status":"closed","ping_status":"closed","template":"","meta":{"wp_typography_post_enhancements_disabled":false,"kt_blocks_editor_width":"","footnotes":""},"class_list":["post-3348","page","type-page","status-publish","hentry"],"_links":{"self":[{"href":"https:\/\/gartner52.de\/page\/wp-json\/wp\/v2\/pages\/3348","targetHints":{"allow":["GET"]}}],"collection":[{"href":"https:\/\/gartner52.de\/page\/wp-json\/wp\/v2\/pages"}],"about":[{"href":"https:\/\/gartner52.de\/page\/wp-json\/wp\/v2\/types\/page"}],"author":[{"embeddable":true,"href":"https:\/\/gartner52.de\/page\/wp-json\/wp\/v2\/users\/4"}],"replies":[{"embeddable":true,"href":"https:\/\/gartner52.de\/page\/wp-json\/wp\/v2\/comments?post=3348"}],"version-history":[{"count":11,"href":"https:\/\/gartner52.de\/page\/wp-json\/wp\/v2\/pages\/3348\/revisions"}],"predecessor-version":[{"id":4858,"href":"https:\/\/gartner52.de\/page\/wp-json\/wp\/v2\/pages\/3348\/revisions\/4858"}],"wp:attachment":[{"href":"https:\/\/gartner52.de\/page\/wp-json\/wp\/v2\/media?parent=3348"}],"curies":[{"name":"wp","href":"https:\/\/api.w.org\/{rel}","templated":true}]}}