{"id":1035,"date":"2016-02-16T14:08:18","date_gmt":"2016-02-16T13:08:18","guid":{"rendered":"http:\/\/gartner52.de\/page\/?page_id=1035"},"modified":"2016-12-10T21:20:32","modified_gmt":"2016-12-10T20:20:32","slug":"schluchsee2007","status":"publish","type":"page","link":"https:\/\/gartner52.de\/page\/schluchsee2007\/","title":{"rendered":"2007 Schluchsee"},"content":{"rendered":"<h2 style=\"text-align: center;\"><span style=\"color: #3366ff;\">Campingplatz-Wolfsgrund am Schluchsee<\/span><\/h2>\n<p style=\"text-align: center;\"><span style=\"color: #008000; font-family: arial,helvetica,sans-serif; font-size: 12pt;\">06.06.2007 bis 10.06.2007<\/span><\/p>\n<p><span style=\"font-family: arial,helvetica,sans-serif; font-size: 12pt;\">Der Campingplatz liegt ca. 2 Stunden von uns entfernt. Es ging auf der Autobahn Richtung Freiburg, dann die<br>\nB 31\/317\/500 bis nach Schluchsee. Vor dem Ort f\u00e4hrt man rechts auf den Campingplatz. Der Platz ist in Terrassen angelegt und liegt direkt am See.<\/span><br>\n<img loading=\"lazy\" decoding=\"async\" class=\"alignnone wp-image-1398\" src=\"https:\/\/gartner52.de\/page\/wp-content\/uploads\/2016\/02\/2007Schluchsee21.jpg\" alt=\"2007Schluchsee21\" width=\"796\" height=\"597\" srcset=\"https:\/\/gartner52.de\/page\/wp-content\/uploads\/2016\/02\/2007Schluchsee21.jpg 640w, https:\/\/gartner52.de\/page\/wp-content\/uploads\/2016\/02\/2007Schluchsee21-300x225.jpg 300w\" sizes=\"auto, (max-width: 796px) 100vw, 796px\"><\/p>\n<p><span style=\"font-family: arial,helvetica,sans-serif; font-size: 12pt;\">Die Stellpl\u00e4tze sind zum Teil etwas schr\u00e4g so dass man je nach Ausrichtung zwei Unterlegkeile ben\u00f6tigt.<\/span><br>\n<span style=\"font-family: arial,helvetica,sans-serif; font-size: 12pt;\"> Der Belag geht von Steinchen bis zum Grasboden. Es gibt gen\u00fcgend Stromanschl\u00fcsse die alle einen Stromz\u00e4hler haben. Es wird der KW-Verbrauch abgerechnet. Die Stellpl\u00e4tze sind gerade gro\u00df genug und durch die Terrassen hat man ausreichend Platz.<\/span><br>\n<img loading=\"lazy\" decoding=\"async\" class=\"alignnone wp-image-1400\" src=\"https:\/\/gartner52.de\/page\/wp-content\/uploads\/2016\/02\/Schluchsee02.jpg\" alt=\"Schluchsee02\" width=\"796\" height=\"597\" srcset=\"https:\/\/gartner52.de\/page\/wp-content\/uploads\/2016\/02\/Schluchsee02.jpg 640w, https:\/\/gartner52.de\/page\/wp-content\/uploads\/2016\/02\/Schluchsee02-300x225.jpg 300w\" sizes=\"auto, (max-width: 796px) 100vw, 796px\"><span style=\"font-family: arial,helvetica,sans-serif; font-size: 12pt;\">Frauen Gespr\u00e4che!<\/span><br>\n<img loading=\"lazy\" decoding=\"async\" class=\"alignnone size-full wp-image-1378\" src=\"https:\/\/gartner52.de\/page\/wp-content\/uploads\/2016\/02\/2007Schluchsee01.jpg\" alt=\"2007Schluchsee01\" width=\"800\" height=\"600\" srcset=\"https:\/\/gartner52.de\/page\/wp-content\/uploads\/2016\/02\/2007Schluchsee01.jpg 800w, https:\/\/gartner52.de\/page\/wp-content\/uploads\/2016\/02\/2007Schluchsee01-300x225.jpg 300w, https:\/\/gartner52.de\/page\/wp-content\/uploads\/2016\/02\/2007Schluchsee01-768x576.jpg 768w\" sizes=\"auto, (max-width: 800px) 100vw, 800px\"><img loading=\"lazy\" decoding=\"async\" class=\"alignnone size-full wp-image-1389\" src=\"https:\/\/gartner52.de\/page\/wp-content\/uploads\/2016\/02\/2007Schluchsee12.jpg\" alt=\"2007Schluchsee12\" width=\"800\" height=\"600\" srcset=\"https:\/\/gartner52.de\/page\/wp-content\/uploads\/2016\/02\/2007Schluchsee12.jpg 800w, https:\/\/gartner52.de\/page\/wp-content\/uploads\/2016\/02\/2007Schluchsee12-300x225.jpg 300w, https:\/\/gartner52.de\/page\/wp-content\/uploads\/2016\/02\/2007Schluchsee12-768x576.jpg 768w\" sizes=\"auto, (max-width: 800px) 100vw, 800px\"><img loading=\"lazy\" decoding=\"async\" class=\"alignnone size-full wp-image-1379\" src=\"https:\/\/gartner52.de\/page\/wp-content\/uploads\/2016\/02\/2007Schluchsee02.jpg\" alt=\"2007Schluchsee02\" width=\"800\" height=\"600\" srcset=\"https:\/\/gartner52.de\/page\/wp-content\/uploads\/2016\/02\/2007Schluchsee02.jpg 800w, https:\/\/gartner52.de\/page\/wp-content\/uploads\/2016\/02\/2007Schluchsee02-300x225.jpg 300w, https:\/\/gartner52.de\/page\/wp-content\/uploads\/2016\/02\/2007Schluchsee02-768x576.jpg 768w\" sizes=\"auto, (max-width: 800px) 100vw, 800px\"><img loading=\"lazy\" decoding=\"async\" class=\"alignnone size-full wp-image-1397\" src=\"https:\/\/gartner52.de\/page\/wp-content\/uploads\/2016\/02\/2007Schluchsee20.jpg\" alt=\"2007Schluchsee20\" width=\"800\" height=\"600\" srcset=\"https:\/\/gartner52.de\/page\/wp-content\/uploads\/2016\/02\/2007Schluchsee20.jpg 800w, https:\/\/gartner52.de\/page\/wp-content\/uploads\/2016\/02\/2007Schluchsee20-300x225.jpg 300w, https:\/\/gartner52.de\/page\/wp-content\/uploads\/2016\/02\/2007Schluchsee20-768x576.jpg 768w\" sizes=\"auto, (max-width: 800px) 100vw, 800px\"><span style=\"font-family: arial,helvetica,sans-serif; font-size: 12pt;\">Die Umgebung ist wundersch\u00f6n, hier kann man sich richtig erholen.<br>\nAm Schluchsee ist der Touristenrummel noch nicht so ausgepr\u00e4gt wie am Titisee.<\/span><br>\n<img loading=\"lazy\" decoding=\"async\" class=\"alignnone size-full wp-image-1381\" src=\"https:\/\/gartner52.de\/page\/wp-content\/uploads\/2016\/02\/2007Schluchsee04.jpg\" alt=\"2007Schluchsee04\" width=\"800\" height=\"600\" srcset=\"https:\/\/gartner52.de\/page\/wp-content\/uploads\/2016\/02\/2007Schluchsee04.jpg 800w, https:\/\/gartner52.de\/page\/wp-content\/uploads\/2016\/02\/2007Schluchsee04-300x225.jpg 300w, https:\/\/gartner52.de\/page\/wp-content\/uploads\/2016\/02\/2007Schluchsee04-768x576.jpg 768w\" sizes=\"auto, (max-width: 800px) 100vw, 800px\"><span style=\"font-family: arial,helvetica,sans-serif; font-size: 12pt;\">Hier fahren wir mit den Fahrr\u00e4dern vom Campingplatz zur gro\u00dfen Staumauer am Schluchsee. Man kann immer auf guten Radwegen fahren, so dass die ganze Strecke auch f\u00fcr Kinder gut geeignet ist. Es geht auch fast immer geradeaus, ohne gro\u00dfe Steigungen.<\/span><br>\n<img loading=\"lazy\" decoding=\"async\" class=\"alignnone size-full wp-image-1392\" src=\"https:\/\/gartner52.de\/page\/wp-content\/uploads\/2016\/02\/2007Schluchsee15.jpg\" alt=\"2007Schluchsee15\" width=\"800\" height=\"600\" srcset=\"https:\/\/gartner52.de\/page\/wp-content\/uploads\/2016\/02\/2007Schluchsee15.jpg 800w, https:\/\/gartner52.de\/page\/wp-content\/uploads\/2016\/02\/2007Schluchsee15-300x225.jpg 300w, https:\/\/gartner52.de\/page\/wp-content\/uploads\/2016\/02\/2007Schluchsee15-768x576.jpg 768w\" sizes=\"auto, (max-width: 800px) 100vw, 800px\"><img loading=\"lazy\" decoding=\"async\" class=\"alignnone size-full wp-image-1393\" src=\"https:\/\/gartner52.de\/page\/wp-content\/uploads\/2016\/02\/2007Schluchsee16.jpg\" alt=\"2007Schluchsee16\" width=\"800\" height=\"600\" srcset=\"https:\/\/gartner52.de\/page\/wp-content\/uploads\/2016\/02\/2007Schluchsee16.jpg 800w, https:\/\/gartner52.de\/page\/wp-content\/uploads\/2016\/02\/2007Schluchsee16-300x225.jpg 300w, https:\/\/gartner52.de\/page\/wp-content\/uploads\/2016\/02\/2007Schluchsee16-768x576.jpg 768w\" sizes=\"auto, (max-width: 800px) 100vw, 800px\"><img loading=\"lazy\" decoding=\"async\" class=\"alignnone size-full wp-image-1395\" src=\"https:\/\/gartner52.de\/page\/wp-content\/uploads\/2016\/02\/2007Schluchsee18.jpg\" alt=\"2007Schluchsee18\" width=\"800\" height=\"600\" srcset=\"https:\/\/gartner52.de\/page\/wp-content\/uploads\/2016\/02\/2007Schluchsee18.jpg 800w, https:\/\/gartner52.de\/page\/wp-content\/uploads\/2016\/02\/2007Schluchsee18-300x225.jpg 300w, https:\/\/gartner52.de\/page\/wp-content\/uploads\/2016\/02\/2007Schluchsee18-768x576.jpg 768w\" sizes=\"auto, (max-width: 800px) 100vw, 800px\"><img loading=\"lazy\" decoding=\"async\" class=\"alignnone size-full wp-image-1394\" src=\"https:\/\/gartner52.de\/page\/wp-content\/uploads\/2016\/02\/2007Schluchsee17.jpg\" alt=\"2007Schluchsee17\" width=\"800\" height=\"600\" srcset=\"https:\/\/gartner52.de\/page\/wp-content\/uploads\/2016\/02\/2007Schluchsee17.jpg 800w, https:\/\/gartner52.de\/page\/wp-content\/uploads\/2016\/02\/2007Schluchsee17-300x225.jpg 300w, https:\/\/gartner52.de\/page\/wp-content\/uploads\/2016\/02\/2007Schluchsee17-768x576.jpg 768w\" sizes=\"auto, (max-width: 800px) 100vw, 800px\"><span style=\"font-family: arial,helvetica,sans-serif; font-size: 12pt;\">Das Ufer direkt am Campingplatz. Auf dem <span class=\"caps\">CP<\/span> war eine Wikingergruppe die hier ihre Schiffe ins Wasser brachten.<\/span><br>\n<img loading=\"lazy\" decoding=\"async\" class=\"alignnone size-full wp-image-1382\" src=\"https:\/\/gartner52.de\/page\/wp-content\/uploads\/2016\/02\/2007Schluchsee05.jpg\" alt=\"2007Schluchsee05\" width=\"800\" height=\"600\" srcset=\"https:\/\/gartner52.de\/page\/wp-content\/uploads\/2016\/02\/2007Schluchsee05.jpg 800w, https:\/\/gartner52.de\/page\/wp-content\/uploads\/2016\/02\/2007Schluchsee05-300x225.jpg 300w, https:\/\/gartner52.de\/page\/wp-content\/uploads\/2016\/02\/2007Schluchsee05-768x576.jpg 768w\" sizes=\"auto, (max-width: 800px) 100vw, 800px\"><img loading=\"lazy\" decoding=\"async\" class=\"alignnone size-full wp-image-1385\" src=\"https:\/\/gartner52.de\/page\/wp-content\/uploads\/2016\/02\/2007Schluchsee08.jpg\" alt=\"2007Schluchsee08\" width=\"800\" height=\"600\" srcset=\"https:\/\/gartner52.de\/page\/wp-content\/uploads\/2016\/02\/2007Schluchsee08.jpg 800w, https:\/\/gartner52.de\/page\/wp-content\/uploads\/2016\/02\/2007Schluchsee08-300x225.jpg 300w, https:\/\/gartner52.de\/page\/wp-content\/uploads\/2016\/02\/2007Schluchsee08-768x576.jpg 768w\" sizes=\"auto, (max-width: 800px) 100vw, 800px\"><span style=\"font-family: arial,helvetica,sans-serif; font-size: 12pt;\">Wer wird hier wohl gewinnen?<\/span><br>\n<img loading=\"lazy\" decoding=\"async\" class=\"alignnone size-full wp-image-1384\" src=\"https:\/\/gartner52.de\/page\/wp-content\/uploads\/2016\/02\/2007Schluchsee07.jpg\" alt=\"2007Schluchsee07\" width=\"800\" height=\"600\" srcset=\"https:\/\/gartner52.de\/page\/wp-content\/uploads\/2016\/02\/2007Schluchsee07.jpg 800w, https:\/\/gartner52.de\/page\/wp-content\/uploads\/2016\/02\/2007Schluchsee07-300x225.jpg 300w, https:\/\/gartner52.de\/page\/wp-content\/uploads\/2016\/02\/2007Schluchsee07-768x576.jpg 768w\" sizes=\"auto, (max-width: 800px) 100vw, 800px\"><img loading=\"lazy\" decoding=\"async\" class=\"alignnone size-full wp-image-1383\" src=\"https:\/\/gartner52.de\/page\/wp-content\/uploads\/2016\/02\/2007Schluchsee06.jpg\" alt=\"2007Schluchsee06\" width=\"800\" height=\"600\" srcset=\"https:\/\/gartner52.de\/page\/wp-content\/uploads\/2016\/02\/2007Schluchsee06.jpg 800w, https:\/\/gartner52.de\/page\/wp-content\/uploads\/2016\/02\/2007Schluchsee06-300x225.jpg 300w, https:\/\/gartner52.de\/page\/wp-content\/uploads\/2016\/02\/2007Schluchsee06-768x576.jpg 768w\" sizes=\"auto, (max-width: 800px) 100vw, 800px\"><img loading=\"lazy\" decoding=\"async\" class=\"alignnone size-full wp-image-1380\" src=\"https:\/\/gartner52.de\/page\/wp-content\/uploads\/2016\/02\/2007Schluchsee03.jpg\" alt=\"2007Schluchsee03\" width=\"800\" height=\"600\" srcset=\"https:\/\/gartner52.de\/page\/wp-content\/uploads\/2016\/02\/2007Schluchsee03.jpg 800w, https:\/\/gartner52.de\/page\/wp-content\/uploads\/2016\/02\/2007Schluchsee03-300x225.jpg 300w, https:\/\/gartner52.de\/page\/wp-content\/uploads\/2016\/02\/2007Schluchsee03-768x576.jpg 768w\" sizes=\"auto, (max-width: 800px) 100vw, 800px\"><span style=\"font-family: arial,helvetica,sans-serif; font-size: 12pt;\">Man konnte im Juni sogar schon baden.&nbsp; brrrhhh....<\/span><br>\n<img loading=\"lazy\" decoding=\"async\" class=\"alignnone size-full wp-image-1388\" src=\"https:\/\/gartner52.de\/page\/wp-content\/uploads\/2016\/02\/2007Schluchsee11.jpg\" alt=\"2007Schluchsee11\" width=\"800\" height=\"600\" srcset=\"https:\/\/gartner52.de\/page\/wp-content\/uploads\/2016\/02\/2007Schluchsee11.jpg 800w, https:\/\/gartner52.de\/page\/wp-content\/uploads\/2016\/02\/2007Schluchsee11-300x225.jpg 300w, https:\/\/gartner52.de\/page\/wp-content\/uploads\/2016\/02\/2007Schluchsee11-768x576.jpg 768w\" sizes=\"auto, (max-width: 800px) 100vw, 800px\"><img loading=\"lazy\" decoding=\"async\" class=\"alignnone size-full wp-image-1387\" src=\"https:\/\/gartner52.de\/page\/wp-content\/uploads\/2016\/02\/2007Schluchsee10.jpg\" alt=\"2007Schluchsee10\" width=\"800\" height=\"600\" srcset=\"https:\/\/gartner52.de\/page\/wp-content\/uploads\/2016\/02\/2007Schluchsee10.jpg 800w, https:\/\/gartner52.de\/page\/wp-content\/uploads\/2016\/02\/2007Schluchsee10-300x225.jpg 300w, https:\/\/gartner52.de\/page\/wp-content\/uploads\/2016\/02\/2007Schluchsee10-768x576.jpg 768w\" sizes=\"auto, (max-width: 800px) 100vw, 800px\"><img loading=\"lazy\" decoding=\"async\" class=\"alignnone size-full wp-image-1386\" src=\"https:\/\/gartner52.de\/page\/wp-content\/uploads\/2016\/02\/2007Schluchsee09.jpg\" alt=\"2007Schluchsee09\" width=\"800\" height=\"600\" srcset=\"https:\/\/gartner52.de\/page\/wp-content\/uploads\/2016\/02\/2007Schluchsee09.jpg 800w, https:\/\/gartner52.de\/page\/wp-content\/uploads\/2016\/02\/2007Schluchsee09-300x225.jpg 300w, https:\/\/gartner52.de\/page\/wp-content\/uploads\/2016\/02\/2007Schluchsee09-768x576.jpg 768w\" sizes=\"auto, (max-width: 800px) 100vw, 800px\"><img loading=\"lazy\" decoding=\"async\" class=\"alignnone size-full wp-image-1390\" src=\"https:\/\/gartner52.de\/page\/wp-content\/uploads\/2016\/02\/2007Schluchsee13.jpg\" alt=\"2007Schluchsee13\" width=\"800\" height=\"600\" srcset=\"https:\/\/gartner52.de\/page\/wp-content\/uploads\/2016\/02\/2007Schluchsee13.jpg 800w, https:\/\/gartner52.de\/page\/wp-content\/uploads\/2016\/02\/2007Schluchsee13-300x225.jpg 300w, https:\/\/gartner52.de\/page\/wp-content\/uploads\/2016\/02\/2007Schluchsee13-768x576.jpg 768w\" sizes=\"auto, (max-width: 800px) 100vw, 800px\"><span style=\"font-family: arial,helvetica,sans-serif; font-size: 12pt;\">So etwas gab es im Juni nat\u00fcrlich auch. Es regnete auch mal ganz gewaltig.<\/span><br>\n<img loading=\"lazy\" decoding=\"async\" class=\"alignnone wp-image-1399\" src=\"https:\/\/gartner52.de\/page\/wp-content\/uploads\/2016\/02\/2007Schluchsee22.jpg\" alt=\"2007Schluchsee22\" width=\"795\" height=\"596\" srcset=\"https:\/\/gartner52.de\/page\/wp-content\/uploads\/2016\/02\/2007Schluchsee22.jpg 640w, https:\/\/gartner52.de\/page\/wp-content\/uploads\/2016\/02\/2007Schluchsee22-300x225.jpg 300w\" sizes=\"auto, (max-width: 795px) 100vw, 795px\"><br>\n<img loading=\"lazy\" decoding=\"async\" class=\"alignnone size-full wp-image-1391\" src=\"https:\/\/gartner52.de\/page\/wp-content\/uploads\/2016\/02\/2007Schluchsee14.jpg\" alt=\"2007Schluchsee14\" width=\"800\" height=\"600\" srcset=\"https:\/\/gartner52.de\/page\/wp-content\/uploads\/2016\/02\/2007Schluchsee14.jpg 800w, https:\/\/gartner52.de\/page\/wp-content\/uploads\/2016\/02\/2007Schluchsee14-300x225.jpg 300w, https:\/\/gartner52.de\/page\/wp-content\/uploads\/2016\/02\/2007Schluchsee14-768x576.jpg 768w\" sizes=\"auto, (max-width: 800px) 100vw, 800px\"><\/p>\n<p><span style=\"font-family: arial,helvetica,sans-serif; font-size: 12pt;\">Das verl\u00e4ngerte Wochenende war wieder viel zu schnell vorbei. Hier im Schwarzwald ist es doch wundersch\u00f6n, man k\u00f6nnte immer wieder etwas neues sehen. Leider m\u00fcssen wir aber wieder arbeiten. So ging es Sonntags wieder nach Hause.<\/span><\/p>\n<p>&nbsp;<\/p>\n<p><strong><span style=\"color: #3366ff; font-family: arial,helvetica,sans-serif; font-size: 12pt;\">Zusammenfassung<\/span><\/strong><\/p>\n<p><span style=\"color: #3366ff; font-family: arial,helvetica,sans-serif; font-size: 10pt;\">Der Campingplatz Wolfsgrund am Schluchsee ist ein sch\u00f6ner <span class=\"caps\">CP<\/span>. Es gibt Parzellen und eine Zeltwiese. Er liegt direkt am See, hat ein kleines Restaurant in dem wir gut und g\u00fcnstig gegessen haben. Die Preise sind akzeptabel. 23 Euro f\u00fcr eine Familie mit zwei Kindern in der Hauptsaison finde ich noch gut. Die Sanit\u00e4r Anlage k\u00f6nnte mal eine Renovierung vertragen, geht aber noch. Nur sollte \u00f6fter gereinigt werden. Sonst war es ok. Wir kommen bestimmt wieder.<\/span><\/p>\n<p>&nbsp;<\/p>\n<h5 style=\"text-align: center;\"><a href=\"https:\/\/gartner52.de\/page\/2007-2\/\">zur\u00fcck zur \u00dcbersicht 2007<\/a><\/h5>\n","protected":false},"excerpt":{"rendered":"<p>Campingplatz-Wolfsgrund am Schluchsee 06.06.2007 bis 10.06.2007 Der Campingplatz liegt ca. 2 Stunden von uns entfernt. Es ging auf der Autobahn Richtung Freiburg, dann die B 31\/317\/500 bis nach Schluchsee. Vor dem Ort f\u00e4hrt man rechts auf den Campingplatz. Der Platz \u2026 <a href=\"https:\/\/gartner52.de\/page\/schluchsee2007\/\">Weiter<\/a><\/p>\n","protected":false},"author":4,"featured_media":0,"parent":0,"menu_order":0,"comment_status":"closed","ping_status":"closed","template":"","meta":{"wp_typography_post_enhancements_disabled":false,"kt_blocks_editor_width":"","footnotes":""},"class_list":["post-1035","page","type-page","status-publish","hentry"],"_links":{"self":[{"href":"https:\/\/gartner52.de\/page\/wp-json\/wp\/v2\/pages\/1035","targetHints":{"allow":["GET"]}}],"collection":[{"href":"https:\/\/gartner52.de\/page\/wp-json\/wp\/v2\/pages"}],"about":[{"href":"https:\/\/gartner52.de\/page\/wp-json\/wp\/v2\/types\/page"}],"author":[{"embeddable":true,"href":"https:\/\/gartner52.de\/page\/wp-json\/wp\/v2\/users\/4"}],"replies":[{"embeddable":true,"href":"https:\/\/gartner52.de\/page\/wp-json\/wp\/v2\/comments?post=1035"}],"version-history":[{"count":17,"href":"https:\/\/gartner52.de\/page\/wp-json\/wp\/v2\/pages\/1035\/revisions"}],"predecessor-version":[{"id":4822,"href":"https:\/\/gartner52.de\/page\/wp-json\/wp\/v2\/pages\/1035\/revisions\/4822"}],"wp:attachment":[{"href":"https:\/\/gartner52.de\/page\/wp-json\/wp\/v2\/media?parent=1035"}],"curies":[{"name":"wp","href":"https:\/\/api.w.org\/{rel}","templated":true}]}}